Last updated on 2024-03-12 07:50:09 CET.
Flavor | Version | Tinstall | Tcheck | Ttotal | Status | Flags |
---|---|---|---|---|---|---|
r-devel-linux-x86_64-debian-clang | 1.0.1 | 19.32 | 286.80 | 306.12 | NOTE | |
r-devel-linux-x86_64-debian-gcc | 1.0.1 | 13.69 | 216.94 | 230.63 | NOTE | |
r-devel-linux-x86_64-fedora-clang | 1.0.1 | 374.53 | NOTE | |||
r-devel-linux-x86_64-fedora-gcc | 1.0.1 | 379.71 | NOTE | |||
r-devel-windows-x86_64 | 1.0.1 | 15.00 | 250.00 | 265.00 | NOTE | |
r-patched-linux-x86_64 | 1.0.1 | 10.74 | 291.54 | 302.28 | NOTE | |
r-release-linux-x86_64 | 1.0.1 | 10.63 | 287.25 | 297.88 | NOTE | |
r-release-macos-arm64 | 1.0.1 | 114.00 | OK | |||
r-release-macos-x86_64 | 1.0.1 | 245.00 | OK | |||
r-release-windows-x86_64 | 1.0.1 | 19.00 | 281.00 | 300.00 | OK | |
r-oldrel-macos-arm64 | 1.0.1 | 106.00 | OK | |||
r-oldrel-windows-x86_64 | 1.0.1 | 20.00 | 286.00 | 306.00 | OK |
Version: 1.0.1
Check: package dependencies
Result: NOTE
Package suggested but not available for checking: ‘vlad’
Flavors: r-devel-linux-x86_64-debian-clang, r-devel-linux-x86_64-debian-gcc, r-devel-linux-x86_64-fedora-clang, r-devel-linux-x86_64-fedora-gcc, r-patched-linux-x86_64, r-release-linux-x86_64
Version: 1.0.1
Check: Rd files
Result: NOTE
checkRd: (-1) bernoulli_ARL.Rd:54: Lost braces; missing escapes or markup?
54 | depending on the state in which the process starts (E_0, E_1, ..., E_{n_grid-1})
| ^
checkRd: (-1) bernoulli_ARL.Rd:57: Lost braces; missing escapes or markup?
57 | discretized state spaces E_{i};}
| ^
checkRd: (-1) bernoulli_RL_cdf.Rd:57: Lost braces; missing escapes or markup?
57 | depending on the state in which the process starts (E_0, E_1, ..., E_{n_grid-1})
| ^
checkRd: (-1) bernoulli_RL_cdf.Rd:60: Lost braces; missing escapes or markup?
60 | discretized state spaces E_{i};}
| ^
checkRd: (-1) bk_cusum.Rd:92-94: Lost braces in \itemize; meant \describe ?
checkRd: (-1) bk_cusum.Rd:95-97: Lost braces in \itemize; meant \describe ?
checkRd: (-1) cgr_cusum.Rd:109-111: Lost braces in \itemize; meant \describe ?
checkRd: (-1) cgr_cusum.Rd:112-114: Lost braces in \itemize; meant \describe ?
checkRd: (-1) parameter_assist.Rd:58: Lost braces in \itemize; \value handles \item{}{} directly
checkRd: (-1) parameter_assist.Rd:59: Lost braces in \itemize; \value handles \item{}{} directly
checkRd: (-1) parameter_assist.Rd:60: Lost braces in \itemize; \value handles \item{}{} directly
checkRd: (-1) parameter_assist.Rd:61-63: Lost braces in \itemize; \value handles \item{}{} directly
checkRd: (-1) parameter_assist.Rd:64-66: Lost braces in \itemize; \value handles \item{}{} directly
checkRd: (-1) parameter_assist.Rd:67: Lost braces in \itemize; \value handles \item{}{} directly
checkRd: (-1) parameter_assist.Rd:68: Lost braces in \itemize; \value handles \item{}{} directly
checkRd: (-1) parameter_assist.Rd:69: Lost braces in \itemize; \value handles \item{}{} directly
checkRd: (-1) parameter_assist.Rd:70: Lost braces in \itemize; \value handles \item{}{} directly
checkRd: (-1) parameter_assist.Rd:71: Lost braces in \itemize; \value handles \item{}{} directly
Flavors: r-devel-linux-x86_64-debian-clang, r-devel-linux-x86_64-debian-gcc, r-devel-linux-x86_64-fedora-clang, r-devel-linux-x86_64-fedora-gcc, r-devel-windows-x86_64