CRAN Package Check Results for Package sudachir

Last updated on 2024-04-23 08:58:19 CEST.

Flavor Version Tinstall Tcheck Ttotal Status Flags
r-devel-linux-x86_64-debian-clang 0.1.0 1.39 28.93 30.32 NOTE
r-devel-linux-x86_64-debian-gcc 0.1.0 1.82 22.83 24.65 NOTE
r-devel-linux-x86_64-fedora-clang 0.1.0 41.46 NOTE
r-devel-linux-x86_64-fedora-gcc 0.1.0 40.43 NOTE
r-prerel-macos-arm64 0.1.0 17.00 NOTE
r-prerel-windows-x86_64 0.1.0 3.00 100.00 103.00 NOTE
r-patched-linux-x86_64 0.1.0 2.44 29.04 31.48 NOTE
r-release-linux-x86_64 0.1.0 1.66 27.78 29.44 NOTE
r-release-macos-arm64 0.1.0 19.00 NOTE
r-release-macos-x86_64 0.1.0 24.00 NOTE
r-release-windows-x86_64 0.1.0 4.00 55.00 59.00 NOTE
r-oldrel-macos-arm64 0.1.0 19.00 NOTE
r-oldrel-windows-x86_64 0.1.0 3.00 60.00 63.00 NOTE

Check Details

Version: 0.1.0
Check: LazyData
Result: NOTE 'LazyData' is specified without a 'data' directory Flavors: r-devel-linux-x86_64-debian-clang, r-devel-linux-x86_64-debian-gcc, r-devel-linux-x86_64-fedora-clang, r-devel-linux-x86_64-fedora-gcc, r-prerel-macos-arm64, r-prerel-windows-x86_64, r-patched-linux-x86_64, r-release-linux-x86_64, r-release-macos-arm64, r-release-macos-x86_64, r-release-windows-x86_64, r-oldrel-macos-arm64, r-oldrel-windows-x86_64

Version: 0.1.0
Check: dependencies in R code
Result: NOTE Namespace in Imports field not imported from: ‘tidyselect’ All declared Imports should be used. Flavors: r-devel-linux-x86_64-fedora-clang, r-devel-linux-x86_64-fedora-gcc, r-oldrel-macos-arm64