Last updated on 2024-04-26 08:55:16 CEST.
Flavor | Version | Tinstall | Tcheck | Ttotal | Status | Flags |
---|---|---|---|---|---|---|
r-devel-linux-x86_64-debian-clang | 0.1.6 | 7.96 | 115.77 | 123.73 | NOTE | |
r-devel-linux-x86_64-debian-gcc | 0.1.6 | 6.59 | 84.33 | 90.92 | NOTE | |
r-devel-linux-x86_64-fedora-clang | 0.1.6 | 155.99 | NOTE | |||
r-devel-linux-x86_64-fedora-gcc | 0.1.6 | 163.24 | NOTE | |||
r-devel-windows-x86_64 | 0.1.6 | 8.00 | 97.00 | 105.00 | NOTE | |
r-patched-linux-x86_64 | 0.1.6 | 5.61 | 106.64 | 112.25 | NOTE | |
r-release-linux-x86_64 | 0.1.6 | 5.05 | 106.10 | 111.15 | OK | |
r-release-macos-arm64 | 0.1.6 | 51.00 | NOTE | |||
r-release-windows-x86_64 | 0.1.6 | 8.00 | 95.00 | 103.00 | NOTE | |
r-oldrel-macos-arm64 | 0.1.6 | 51.00 | OK | |||
r-oldrel-macos-x86_64 | 0.1.6 | 88.00 | OK | |||
r-oldrel-windows-x86_64 | 0.1.6 | 10.00 | 118.00 | 128.00 | OK |
Version: 0.1.6
Check: Rd files
Result: NOTE
checkRd: (-1) fp19.Rd:11: Lost braces in \itemize; meant \describe ?
checkRd: (-1) fp19.Rd:12-13: Lost braces in \itemize; meant \describe ?
checkRd: (-1) fp19.Rd:14: Lost braces in \itemize; meant \describe ?
checkRd: (-1) fp19.Rd:15: Lost braces in \itemize; meant \describe ?
checkRd: (-1) fp19.Rd:16: Lost braces in \itemize; meant \describe ?
checkRd: (-1) fp19.Rd:17: Lost braces in \itemize; meant \describe ?
checkRd: (-1) fp19.Rd:18: Lost braces in \itemize; meant \describe ?
checkRd: (-1) fp19.Rd:19: Lost braces in \itemize; meant \describe ?
checkRd: (-1) fp19.Rd:20: Lost braces in \itemize; meant \describe ?
checkRd: (-1) fp19.Rd:21: Lost braces in \itemize; meant \describe ?
checkRd: (-1) fp19.Rd:22: Lost braces in \itemize; meant \describe ?
checkRd: (-1) fp19.Rd:23-24: Lost braces in \itemize; meant \describe ?
checkRd: (-1) fp19.Rd:25: Lost braces in \itemize; meant \describe ?
Flavors: r-devel-linux-x86_64-debian-clang, r-devel-linux-x86_64-debian-gcc, r-devel-linux-x86_64-fedora-clang, r-devel-linux-x86_64-fedora-gcc, r-devel-windows-x86_64, r-patched-linux-x86_64, r-release-macos-arm64, r-release-windows-x86_64