CRAN Package Check Results for Package summariser

Last updated on 2024-05-25 08:49:45 CEST.

Flavor Version Tinstall Tcheck Ttotal Status Flags
r-devel-linux-x86_64-debian-clang 2.3.0 1.80 25.60 27.40 NOTE
r-devel-linux-x86_64-debian-gcc 2.3.0 1.67 19.30 20.97 NOTE
r-devel-linux-x86_64-fedora-clang 2.3.0 34.50 NOTE
r-devel-linux-x86_64-fedora-gcc 2.3.0 32.39 NOTE
r-devel-windows-x86_64 2.3.0 3.00 40.00 43.00 NOTE
r-patched-linux-x86_64 2.3.0 1.76 24.59 26.35 NOTE
r-release-linux-x86_64 2.3.0 2.13 23.68 25.81 NOTE
r-release-macos-arm64 2.3.0 15.00 NOTE
r-release-windows-x86_64 2.3.0 3.00 104.00 107.00 NOTE
r-oldrel-macos-arm64 2.3.0 18.00 NOTE
r-oldrel-macos-x86_64 2.3.0 22.00 NOTE
r-oldrel-windows-x86_64 2.3.0 4.00 40.00 44.00 NOTE

Check Details

Version: 2.3.0
Check: LazyData
Result: NOTE 'LazyData' is specified without a 'data' directory Flavors: r-devel-linux-x86_64-debian-clang, r-devel-linux-x86_64-debian-gcc, r-devel-linux-x86_64-fedora-clang, r-devel-linux-x86_64-fedora-gcc, r-devel-windows-x86_64, r-patched-linux-x86_64, r-release-linux-x86_64, r-release-macos-arm64, r-release-windows-x86_64, r-oldrel-macos-arm64, r-oldrel-macos-x86_64, r-oldrel-windows-x86_64