Last updated on 2024-05-02 08:57:59 CEST.
Flavor | Version | Tinstall | Tcheck | Ttotal | Status | Flags |
---|---|---|---|---|---|---|
r-devel-linux-x86_64-debian-clang | 1.0.0 | 25.14 | 63.64 | 88.78 | NOTE | |
r-devel-linux-x86_64-debian-gcc | 1.0.0 | 18.41 | 45.84 | 64.25 | NOTE | |
r-devel-linux-x86_64-fedora-clang | 1.0.0 | 122.83 | NOTE | |||
r-devel-linux-x86_64-fedora-gcc | 1.0.0 | 110.59 | NOTE | |||
r-devel-windows-x86_64 | 1.0.0 | 23.00 | 71.00 | 94.00 | NOTE | |
r-patched-linux-x86_64 | 1.0.0 | 24.74 | 61.58 | 86.32 | OK | |
r-release-linux-x86_64 | 1.0.0 | 24.39 | 60.21 | 84.60 | OK | |
r-release-macos-arm64 | 1.0.0 | 37.00 | OK | |||
r-release-macos-x86_64 | 1.0.0 | 95.00 | OK | |||
r-release-windows-x86_64 | 1.0.0 | 24.00 | 70.00 | 94.00 | OK | |
r-oldrel-macos-arm64 | 1.0.0 | 42.00 | OK | |||
r-oldrel-macos-x86_64 | 1.0.0 | 87.00 | OK | |||
r-oldrel-windows-x86_64 | 1.0.0 | 28.00 | 102.00 | 130.00 | OK |
Version: 1.0.0
Check: compiled code
Result: NOTE
File ‘supercells/libs/supercells.so’:
Found non-API calls to R: ‘SETLENGTH’, ‘SET_TRUELENGTH’
Compiled code should not call non-API entry points in R.
See ‘Writing portable packages’ in the ‘Writing R Extensions’ manual.
Flavors: r-devel-linux-x86_64-debian-clang, r-devel-linux-x86_64-debian-gcc, r-devel-linux-x86_64-fedora-clang, r-devel-linux-x86_64-fedora-gcc
Version: 1.0.0
Check: compiled code
Result: NOTE
File 'supercells/libs/x64/supercells.dll':
Found non-API calls to R: 'SETLENGTH', 'SET_TRUELENGTH'
Compiled code should not call non-API entry points in R.
See 'Writing portable packages' in the 'Writing R Extensions' manual.
Flavor: r-devel-windows-x86_64