Last updated on 2024-04-24 07:57:55 CEST.
Flavor | Version | Tinstall | Tcheck | Ttotal | Status | Flags |
---|---|---|---|---|---|---|
r-devel-linux-x86_64-debian-clang | 2.0.0 | 1.61 | 227.37 | 228.98 | NOTE | |
r-devel-linux-x86_64-debian-gcc | 2.0.0 | 1.98 | 158.45 | 160.43 | NOTE | |
r-devel-linux-x86_64-fedora-clang | 2.0.0 | 268.39 | NOTE | |||
r-devel-linux-x86_64-fedora-gcc | 2.0.0 | 259.31 | NOTE | |||
r-prerel-macos-arm64 | 2.0.0 | 130.00 | NOTE | |||
r-prerel-windows-x86_64 | 2.0.0 | 3.00 | 172.00 | 175.00 | NOTE | |
r-patched-linux-x86_64 | 2.0.0 | 2.52 | 208.16 | 210.68 | NOTE | |
r-release-linux-x86_64 | 2.0.0 | 2.35 | 200.80 | 203.15 | NOTE | |
r-release-macos-arm64 | 2.0.0 | 80.00 | NOTE | |||
r-release-macos-x86_64 | 2.0.0 | 145.00 | NOTE | |||
r-release-windows-x86_64 | 2.0.0 | 4.00 | 193.00 | 197.00 | NOTE | |
r-oldrel-macos-arm64 | 2.0.0 | 125.00 | NOTE | |||
r-oldrel-windows-x86_64 | 2.0.0 | 4.00 | 195.00 | 199.00 | NOTE |
Version: 2.0.0
Check: LazyData
Result: NOTE
'LazyData' is specified without a 'data' directory
Flavors: r-devel-linux-x86_64-debian-clang, r-devel-linux-x86_64-debian-gcc, r-devel-linux-x86_64-fedora-clang, r-devel-linux-x86_64-fedora-gcc, r-prerel-macos-arm64, r-prerel-windows-x86_64, r-patched-linux-x86_64, r-release-linux-x86_64, r-release-macos-arm64, r-release-macos-x86_64, r-release-windows-x86_64, r-oldrel-macos-arm64, r-oldrel-windows-x86_64