CRAN Package Check Results for Package surv2sampleComp

Last updated on 2021-07-25 08:51:13 CEST.

Flavor Version Tinstall Tcheck Ttotal Status Flags
r-devel-linux-x86_64-debian-clang 1.0-5 10.80 100.64 111.44 NOTE
r-devel-linux-x86_64-debian-gcc 1.0-5 9.06 73.73 82.79 NOTE
r-devel-linux-x86_64-fedora-clang 1.0-5 141.17 NOTE
r-devel-linux-x86_64-fedora-gcc 1.0-5 125.90 NOTE
r-devel-windows-x86_64 1.0-5 13.00 88.00 101.00 NOTE
r-devel-windows-x86_64-gcc10-UCRT 1.0-5 NOTE
r-patched-linux-x86_64 1.0-5 11.11 94.07 105.18 NOTE
r-patched-solaris-x86 1.0-5 186.40 NOTE
r-release-linux-x86_64 1.0-5 9.50 93.10 102.60 NOTE
r-release-macos-arm64 1.0-5 NOTE
r-release-macos-x86_64 1.0-5 NOTE
r-release-windows-ix86+x86_64 1.0-5 24.00 116.00 140.00 NOTE
r-oldrel-macos-x86_64 1.0-5 OK
r-oldrel-windows-ix86+x86_64 1.0-5 26.00 119.00 145.00 OK

Check Details

Version: 1.0-5
Check: LazyData
Result: NOTE
     'LazyData' is specified without a 'data' directory
Flavors: r-devel-linux-x86_64-debian-clang, r-devel-linux-x86_64-debian-gcc, r-devel-linux-x86_64-fedora-clang, r-devel-linux-x86_64-fedora-gcc, r-devel-windows-x86_64, r-devel-windows-x86_64-gcc10-UCRT, r-patched-linux-x86_64, r-patched-solaris-x86, r-release-linux-x86_64, r-release-macos-arm64, r-release-macos-x86_64, r-release-windows-ix86+x86_64