Last updated on 2024-03-12 07:50:09 CET.
Flavor | Version | Tinstall | Tcheck | Ttotal | Status | Flags |
---|---|---|---|---|---|---|
r-devel-linux-x86_64-debian-clang | 1.0-5 | 12.54 | 111.76 | 124.30 | NOTE | |
r-devel-linux-x86_64-debian-gcc | 1.0-5 | 10.98 | 85.76 | 96.74 | NOTE | |
r-devel-linux-x86_64-fedora-clang | 1.0-5 | 158.81 | NOTE | |||
r-devel-linux-x86_64-fedora-gcc | 1.0-5 | 148.61 | NOTE | |||
r-devel-windows-x86_64 | 1.0-5 | 12.00 | 96.00 | 108.00 | NOTE | |
r-patched-linux-x86_64 | 1.0-5 | 7.76 | 110.50 | 118.26 | NOTE | |
r-release-linux-x86_64 | 1.0-5 | 7.76 | 110.47 | 118.23 | NOTE | |
r-release-macos-arm64 | 1.0-5 | 50.00 | NOTE | |||
r-release-macos-x86_64 | 1.0-5 | 78.00 | NOTE | |||
r-release-windows-x86_64 | 1.0-5 | 15.00 | 115.00 | 130.00 | NOTE | |
r-oldrel-macos-arm64 | 1.0-5 | 41.00 | NOTE | |||
r-oldrel-windows-x86_64 | 1.0-5 | 16.00 | 119.00 | 135.00 | NOTE |
Version: 1.0-5
Check: LazyData
Result: NOTE
'LazyData' is specified without a 'data' directory
Flavors: r-devel-linux-x86_64-debian-clang, r-devel-linux-x86_64-debian-gcc, r-devel-linux-x86_64-fedora-clang, r-devel-linux-x86_64-fedora-gcc, r-devel-windows-x86_64, r-patched-linux-x86_64, r-release-linux-x86_64, r-release-macos-arm64, r-release-macos-x86_64, r-release-windows-x86_64, r-oldrel-macos-arm64, r-oldrel-windows-x86_64