Last updated on 2024-03-12 07:50:09 CET.
Flavor | Version | Tinstall | Tcheck | Ttotal | Status | Flags |
---|---|---|---|---|---|---|
r-devel-linux-x86_64-debian-clang | 1.22.1 | 69.85 | 544.32 | 614.17 | NOTE | |
r-devel-linux-x86_64-debian-gcc | 1.22.1 | 59.20 | 413.70 | 472.90 | NOTE | |
r-devel-linux-x86_64-fedora-clang | 1.22.1 | 781.29 | NOTE | |||
r-devel-linux-x86_64-fedora-gcc | 1.22.1 | 807.76 | OK | |||
r-devel-windows-x86_64 | 1.22.1 | 62.00 | 384.00 | 446.00 | NOTE | --no-vignettes |
r-patched-linux-x86_64 | 1.22.1 | 84.37 | 541.50 | 625.87 | NOTE | |
r-release-linux-x86_64 | 1.22.1 | 69.52 | 542.27 | 611.79 | NOTE | |
r-release-macos-arm64 | 1.22.1 | 233.00 | NOTE | |||
r-release-macos-x86_64 | 1.22.1 | 548.00 | NOTE | |||
r-release-windows-x86_64 | 1.22.1 | 78.00 | 373.00 | 451.00 | NOTE | --no-vignettes |
r-oldrel-macos-arm64 | 1.22.1 | 218.00 | NOTE | |||
r-oldrel-windows-x86_64 | 1.22.1 | 75.00 | 348.00 | 423.00 | NOTE | --no-vignettes |
Version: 1.22.1
Check: package dependencies
Result: NOTE
Package suggested but not available for checking: ‘INLA’
Flavors: r-devel-linux-x86_64-debian-clang, r-devel-linux-x86_64-debian-gcc, r-patched-linux-x86_64, r-release-linux-x86_64, r-release-macos-arm64, r-release-macos-x86_64, r-oldrel-macos-arm64
Version: 1.22.1
Check: installed package size
Result: NOTE
installed size is 6.7Mb
sub-directories of 1Mb or more:
R 1.7Mb
doc 2.2Mb
help 1.0Mb
Flavors: r-devel-linux-x86_64-fedora-clang, r-release-macos-arm64, r-release-macos-x86_64, r-oldrel-macos-arm64
Version: 1.22.1
Flags: --no-vignettes
Check: installed package size
Result: NOTE
installed size is 7.5Mb
sub-directories of 1Mb or more:
R 1.7Mb
doc 2.2Mb
libs 1.1Mb
Flavors: r-devel-windows-x86_64, r-release-windows-x86_64, r-oldrel-windows-x86_64
Version: 1.22.1
Flags: --no-vignettes
Check: package dependencies
Result: NOTE
Package suggested but not available for checking: 'INLA'
Flavors: r-release-windows-x86_64, r-oldrel-windows-x86_64