Last updated on 2024-05-07 08:55:22 CEST.
Flavor | Version | Tinstall | Tcheck | Ttotal | Status | Flags |
---|---|---|---|---|---|---|
r-devel-linux-x86_64-debian-clang | 0.0-2 | 62.79 | 32.16 | 94.95 | NOTE | |
r-devel-linux-x86_64-debian-gcc | 0.0-2 | 43.60 | 24.72 | 68.32 | NOTE | |
r-devel-linux-x86_64-fedora-clang | 0.0-2 | 135.06 | NOTE | |||
r-devel-linux-x86_64-fedora-gcc | 0.0-2 | 174.43 | NOTE | |||
r-devel-windows-x86_64 | 0.0-2 | 47.00 | 63.00 | 110.00 | NOTE | |
r-patched-linux-x86_64 | 0.0-2 | 51.07 | 31.33 | 82.40 | NOTE | |
r-release-linux-x86_64 | 0.0-2 | 59.27 | 31.74 | 91.01 | NOTE | |
r-release-macos-arm64 | 0.0-2 | 31.00 | NOTE | |||
r-release-windows-x86_64 | 0.0-2 | 46.00 | 67.00 | 113.00 | NOTE | |
r-oldrel-macos-arm64 | 0.0-2 | 38.00 | NOTE | |||
r-oldrel-macos-x86_64 | 0.0-2 | 54.00 | NOTE | |||
r-oldrel-windows-x86_64 | 0.0-2 | 56.00 | 70.00 | 126.00 | NOTE |
Version: 0.0-2
Check: C++ specification
Result: NOTE
Specified C++11: please drop specification unless essential
Flavors: r-devel-linux-x86_64-debian-clang, r-devel-linux-x86_64-debian-gcc, r-devel-linux-x86_64-fedora-clang, r-devel-linux-x86_64-fedora-gcc, r-devel-windows-x86_64, r-patched-linux-x86_64, r-release-linux-x86_64, r-release-macos-arm64, r-release-windows-x86_64, r-oldrel-macos-arm64, r-oldrel-macos-x86_64, r-oldrel-windows-x86_64