CRAN Package Check Results for Package survminer

Last updated on 2021-06-17 09:52:03 CEST.

Flavor Version Tinstall Tcheck Ttotal Status Flags
r-devel-linux-x86_64-debian-clang 0.4.9 16.92 240.85 257.77 OK
r-devel-linux-x86_64-debian-gcc 0.4.9 13.19 173.45 186.64 OK
r-devel-linux-x86_64-fedora-clang 0.4.9 301.97 NOTE
r-devel-linux-x86_64-fedora-gcc 0.4.9 235.36 OK
r-devel-windows-x86_64 0.4.9 24.00 278.00 302.00 NOTE
r-devel-windows-x86_64-gcc10-UCRT 0.4.9 OK
r-patched-linux-x86_64 0.4.9 22.37 218.47 240.84 OK
r-patched-solaris-x86 0.4.9 376.00 NOTE
r-release-linux-x86_64 0.4.9 13.46 219.32 232.78 OK
r-release-macos-arm64 0.4.9 NOTE
r-release-macos-x86_64 0.4.9 NOTE
r-release-windows-ix86+x86_64 0.4.9 36.00 280.00 316.00 NOTE
r-oldrel-macos-x86_64 0.4.9 NOTE
r-oldrel-windows-ix86+x86_64 0.4.9 27.00 248.00 275.00 NOTE

Check Details

Version: 0.4.9
Check: installed package size
Result: NOTE
     installed size is 6.0Mb
     sub-directories of 1Mb or more:
     doc 5.5Mb
Flavors: r-devel-linux-x86_64-fedora-clang, r-devel-windows-x86_64, r-patched-solaris-x86, r-release-macos-arm64, r-release-macos-x86_64, r-release-windows-ix86+x86_64, r-oldrel-macos-x86_64, r-oldrel-windows-ix86+x86_64