CRAN Package Check Results for Package survstan

Last updated on 2024-04-22 08:51:43 CEST.

Flavor Version Tinstall Tcheck Ttotal Status Flags
r-devel-linux-x86_64-debian-clang 0.0.7.1 225.65 278.87 504.52 NOTE
r-devel-linux-x86_64-debian-gcc 0.0.7.1 201.44 215.29 416.73 NOTE
r-devel-linux-x86_64-fedora-clang 0.0.7.1 639.49 NOTE
r-devel-linux-x86_64-fedora-gcc 0.0.7.1 704.05 NOTE
r-prerel-macos-arm64 0.0.7.1 153.00 NOTE
r-prerel-macos-x86_64 0.0.7.1 367.00 NOTE
r-prerel-windows-x86_64 0.0.7.1 163.00 235.00 398.00 NOTE
r-patched-linux-x86_64 0.0.7.1 189.98 276.30 466.28 NOTE
r-release-linux-x86_64 0.0.7.1 180.82 289.53 470.35 NOTE
r-release-macos-arm64 0.0.7.1 173.00 NOTE
r-release-macos-x86_64 0.0.7.1 364.00 NOTE
r-release-windows-x86_64 0.0.7.1 220.00 296.00 516.00 NOTE
r-oldrel-macos-arm64 0.0.7.1 149.00 NOTE
r-oldrel-windows-x86_64 0.0.7.1 216.00 283.00 499.00 NOTE

Check Details

Version: 0.0.7.1
Check: for GNU extensions in Makefiles
Result: NOTE GNU make is a SystemRequirements. Flavors: r-devel-linux-x86_64-debian-clang, r-devel-linux-x86_64-debian-gcc, r-devel-linux-x86_64-fedora-clang, r-devel-linux-x86_64-fedora-gcc, r-prerel-macos-arm64, r-prerel-macos-x86_64, r-prerel-windows-x86_64, r-patched-linux-x86_64, r-release-linux-x86_64, r-release-macos-arm64, r-release-macos-x86_64, r-release-windows-x86_64, r-oldrel-macos-arm64, r-oldrel-windows-x86_64

Version: 0.0.7.1
Check: dependencies in R code
Result: NOTE Namespaces in Imports field not imported from: ‘RcppParallel’ ‘rstantools’ All declared Imports should be used. Flavors: r-devel-linux-x86_64-fedora-clang, r-devel-linux-x86_64-fedora-gcc

Version: 0.0.7.1
Check: installed package size
Result: NOTE installed size is 63.6Mb sub-directories of 1Mb or more: libs 63.0Mb Flavors: r-prerel-macos-arm64, r-prerel-macos-x86_64, r-release-macos-arm64, r-release-macos-x86_64, r-oldrel-macos-arm64