Last updated on 2024-03-12 07:50:09 CET.
Flavor | Version | Tinstall | Tcheck | Ttotal | Status | Flags |
---|---|---|---|---|---|---|
r-devel-linux-x86_64-debian-clang | 0.2.3 | 148.73 | 68.93 | 217.66 | WARN | |
r-devel-linux-x86_64-debian-gcc | 0.2.3 | 138.01 | 57.78 | 195.79 | OK | |
r-devel-linux-x86_64-fedora-clang | 0.2.3 | 278.71 | NOTE | |||
r-devel-linux-x86_64-fedora-gcc | 0.2.3 | 348.23 | OK | |||
r-devel-windows-x86_64 | 0.2.3 | 106.00 | 117.00 | 223.00 | NOTE | |
r-patched-linux-x86_64 | 0.2.3 | 143.80 | 75.43 | 219.23 | OK | |
r-release-linux-x86_64 | 0.2.3 | 149.77 | 73.61 | 223.38 | OK | |
r-release-macos-arm64 | 0.2.3 | 83.00 | NOTE | |||
r-release-macos-x86_64 | 0.2.3 | 163.00 | NOTE | |||
r-release-windows-x86_64 | 0.2.3 | 141.00 | 133.00 | 274.00 | NOTE | |
r-oldrel-macos-arm64 | 0.2.3 | 82.00 | NOTE | |||
r-oldrel-windows-x86_64 | 0.2.3 | 130.00 | 126.00 | 256.00 | NOTE |
Version: 0.2.3
Check: whether package can be installed
Result: WARN
Found the following significant warnings:
/usr/bin/../lib/gcc/x86_64-linux-gnu/14/../../../../include/c++/14/functional:558:2: warning: 'result_of<std::_Bind<(lambda at /home/hornik/tmp/R.check/r-devel-clang/Work/build/Packages/rvinecopulib/include/vinecopulib/bicop/implementation/class.ipp:822:28) (vinecopulib::Bicop)> &()>' is deprecated: use 'std::invoke_result' instead [-Wdeprecated-declarations]
/usr/bin/../lib/gcc/x86_64-linux-gnu/14/../../../../include/c++/14/functional:558:2: warning: 'result_of<std::_Bind<(lambda at /home/hornik/tmp/R.check/r-devel-clang/Work/build/Packages/rvinecopulib/include/vinecopulib/vinecop/implementation/tools_select.ipp:367:21) (unsigned long)> &()>' is deprecated: use 'std::invoke_result' instead [-Wdeprecated-declarations]
/usr/bin/../lib/gcc/x86_64-linux-gnu/14/../../../../include/c++/14/functional:558:2: warning: 'result_of<std::_Bind<(lambda at /home/hornik/tmp/R.check/r-devel-clang/Work/build/Packages/rvinecopulib/include/vinecopulib/vinecop/implementation/tools_select.ipp:954:20) (boost::detail::edge_desc_impl<boost::undirected_tag, unsigned long>)> &()>' is deprecated: use 'std::invoke_result' instead [-Wdeprecated-declarations]
/usr/bin/../lib/gcc/x86_64-linux-gnu/14/../../../../include/c++/14/functional:558:2: warning: 'result_of<std::_Bind<(lambda at /home/hornik/tmp/R.check/r-devel-clang/Work/build/Packages/rvinecopulib/include/vinecopulib/vinecop/implementation/class.ipp:770:19) (vinecopulib::tools_batch::Batch)> &()>' is deprecated: use 'std::invoke_result' instead [-Wdeprecated-declarations]
/usr/bin/../lib/gcc/x86_64-linux-gnu/14/../../../../include/c++/14/functional:558:2: warning: 'result_of<std::_Bind<(lambda at /home/hornik/tmp/R.check/r-devel-clang/Work/build/Packages/rvinecopulib/include/vinecopulib/vinecop/implementation/class.ipp:1090:19) (vinecopulib::tools_batch::Batch)> &()>' is deprecated: use 'std::invoke_result' instead [-Wdeprecated-declarations]
/usr/bin/../lib/gcc/x86_64-linux-gnu/14/../../../../include/c++/14/functional:558:2: warning: 'result_of<std::_Bind<(lambda at /home/hornik/tmp/R.check/r-devel-clang/Work/build/Packages/rvinecopulib/include/vinecopulib/vinecop/implementation/class.ipp:1206:19) (vinecopulib::tools_batch::Batch)> &()>' is deprecated: use 'std::invoke_result' instead [-Wdeprecated-declarations]
/usr/bin/../lib/gcc/x86_64-linux-gnu/14/../../../../include/c++/14/functional:558:2: warning: 'result_of<std::_Bind<(lambda at ../inst/include/svines/implementation/svinecop.ipp:301:19) (vinecopulib::tools_batch::Batch)> &()>' is deprecated: use 'std::invoke_result' instead [-Wdeprecated-declarations]
/usr/bin/../lib/gcc/x86_64-linux-gnu/14/../../../../include/c++/14/functional:558:2: warning: 'result_of<(lambda at /home/hornik/tmp/R.check/r-devel-clang/Work/build/Packages/RcppThread/include/RcppThread/ThreadPool.hpp:187:24) &()>' is deprecated: use 'std::invoke_result' instead [-Wdeprecated-declarations]
/usr/bin/../lib/gcc/x86_64-linux-gnu/14/../../../../include/c++/14/functional:558:2: warning: 'result_of<std::_Bind<(lambda at /home/hornik/tmp/R.check/r-devel-clang/Work/build/Packages/RcppThread/include/RcppThread/ThreadPool.hpp:187:24) ()> &()>' is deprecated: use 'std::invoke_result' instead [-Wdeprecated-declarations]
/usr/bin/../lib/gcc/x86_64-linux-gnu/14/../../../../include/c++/14/functional:558:2: warning: 'result_of<(lambda at /home/hornik/tmp/R.check/r-devel-clang/Work/build/Packages/RcppThread/include/RcppThread/ThreadPool.hpp:200:24) &()>' is deprecated: use 'std::invoke_result' instead [-Wdeprecated-declarations]
/usr/bin/../lib/gcc/x86_64-linux-gnu/14/../../../../include/c++/14/functional:558:2: warning: 'result_of<std::_Bind<(lambda at /home/hornik/tmp/R.check/r-devel-clang/Work/build/Packages/RcppThread/include/RcppThread/ThreadPool.hpp:200:24) ()> &()>' is deprecated: use 'std::invoke_result' instead [-Wdeprecated-declarations]
See ‘/home/hornik/tmp/R.check/r-devel-clang/Work/PKGS/svines.Rcheck/00install.out’ for details.
* used C++ compiler: ‘Debian clang version 18.1.0 (rc4-1)’
Flavor: r-devel-linux-x86_64-debian-clang
Version: 0.2.3
Check: installed package size
Result: NOTE
installed size is 5.5Mb
sub-directories of 1Mb or more:
libs 5.0Mb
Flavors: r-devel-linux-x86_64-fedora-clang, r-devel-windows-x86_64, r-release-macos-arm64, r-release-macos-x86_64, r-release-windows-x86_64, r-oldrel-macos-arm64, r-oldrel-windows-x86_64