CRAN Package Check Results for Package swdft

Last updated on 2024-07-20 08:49:54 CEST.

Flavor Version Tinstall Tcheck Ttotal Status Flags
r-devel-linux-x86_64-debian-clang 1.0.0 3.73 246.71 250.44 NOTE
r-devel-linux-x86_64-debian-gcc 1.0.0 2.43 170.36 172.79 NOTE
r-devel-linux-x86_64-fedora-clang 1.0.0 298.69 NOTE
r-devel-linux-x86_64-fedora-gcc 1.0.0 305.81 NOTE
r-devel-windows-x86_64 1.0.0 4.00 171.00 175.00 NOTE
r-patched-linux-x86_64 1.0.0 4.15 235.35 239.50 NOTE
r-release-linux-x86_64 1.0.0 2.89 230.12 233.01 NOTE
r-release-macos-arm64 1.0.0 61.00 NOTE
r-release-macos-x86_64 1.0.0 127.00 NOTE
r-release-windows-x86_64 1.0.0 5.00 170.00 175.00 NOTE
r-oldrel-macos-arm64 1.0.0 65.00 NOTE
r-oldrel-macos-x86_64 1.0.0 135.00 NOTE
r-oldrel-windows-x86_64 1.0.0 4.00 213.00 217.00 NOTE

Check Details

Version: 1.0.0
Check: LazyData
Result: NOTE 'LazyData' is specified without a 'data' directory Flavors: r-devel-linux-x86_64-debian-clang, r-devel-linux-x86_64-debian-gcc, r-devel-linux-x86_64-fedora-clang, r-devel-linux-x86_64-fedora-gcc, r-devel-windows-x86_64, r-patched-linux-x86_64, r-release-linux-x86_64, r-release-macos-arm64, r-release-macos-x86_64, r-release-windows-x86_64, r-oldrel-macos-arm64, r-oldrel-macos-x86_64, r-oldrel-windows-x86_64