Last updated on 2024-04-18 08:54:51 CEST.
Flavor | Version | Tinstall | Tcheck | Ttotal | Status | Flags |
---|---|---|---|---|---|---|
r-devel-linux-x86_64-debian-clang | 0.2.5 | 18.71 | 288.61 | 307.32 | OK | |
r-devel-linux-x86_64-debian-gcc | 0.2.5 | 12.20 | 213.50 | 225.70 | OK | |
r-devel-linux-x86_64-fedora-clang | 0.2.5 | 393.28 | NOTE | |||
r-devel-linux-x86_64-fedora-gcc | 0.2.5 | 392.39 | NOTE | |||
r-prerel-macos-arm64 | 0.2.5 | 101.00 | OK | |||
r-prerel-windows-x86_64 | 0.2.5 | 15.00 | 195.00 | 210.00 | OK | |
r-patched-linux-x86_64 | 0.2.5 | 23.45 | 275.72 | 299.17 | OK | |
r-release-linux-x86_64 | 0.2.5 | 11.39 | 277.65 | 289.04 | OK | |
r-release-macos-arm64 | 0.2.5 | 93.00 | OK | |||
r-release-macos-x86_64 | 0.2.5 | 250.00 | OK | |||
r-release-windows-x86_64 | 0.2.5 | 21.00 | 255.00 | 276.00 | OK | |
r-oldrel-macos-arm64 | 0.2.5 | 98.00 | OK | |||
r-oldrel-windows-x86_64 | 0.2.5 | 24.00 | 253.00 | 277.00 | OK |
Version: 0.2.5
Check: dependencies in R code
Result: NOTE
Namespaces in Imports field not imported from:
‘lubridate’ ‘tidyquant’ ‘tidyr’ ‘tidyverse’
All declared Imports should be used.
Flavors: r-devel-linux-x86_64-fedora-clang, r-devel-linux-x86_64-fedora-gcc