CRAN Package Check Results for Package symengine

Last updated on 2021-05-12 08:49:08 CEST.

Flavor Version Tinstall Tcheck Ttotal Status Flags
r-devel-linux-x86_64-debian-clang 0.1.5 384.07 136.66 520.73 NOTE
r-devel-linux-x86_64-debian-gcc 0.1.5 333.96 89.79 423.75 NOTE
r-devel-linux-x86_64-fedora-clang 0.1.5 854.72 NOTE
r-devel-linux-x86_64-fedora-gcc 0.1.5 794.85 NOTE
r-devel-windows-ix86+x86_64 0.1.5 68.00 247.00 315.00 NOTE
r-devel-windows-x86_64-gcc10-UCRT 0.1.5 ERROR
r-patched-linux-x86_64 0.1.5 386.28 118.32 504.60 NOTE
r-patched-solaris-x86 0.1.5 669.90 NOTE
r-release-linux-x86_64 0.1.5 387.13 115.88 503.01 OK
r-release-macos-x86_64 0.1.5 NOTE
r-release-windows-ix86+x86_64 0.1.5 61.00 185.00 246.00 NOTE
r-oldrel-macos-x86_64 0.1.5 NOTE
r-oldrel-windows-ix86+x86_64 0.1.5 72.00 221.00 293.00 NOTE

Check Details

Version: 0.1.5
Check: LazyData
Result: NOTE
     'LazyData' is specified without a 'data' directory
Flavors: r-devel-linux-x86_64-debian-clang, r-devel-linux-x86_64-debian-gcc, r-devel-linux-x86_64-fedora-clang, r-devel-linux-x86_64-fedora-gcc, r-devel-windows-ix86+x86_64, r-devel-windows-x86_64-gcc10-UCRT, r-patched-linux-x86_64, r-patched-solaris-x86

Version: 0.1.5
Check: installed package size
Result: NOTE
     installed size is 34.4Mb
     sub-directories of 1Mb or more:
     libs 33.6Mb
Flavors: r-devel-linux-x86_64-fedora-clang, r-devel-windows-ix86+x86_64, r-patched-solaris-x86, r-release-macos-x86_64, r-release-windows-ix86+x86_64, r-oldrel-macos-x86_64, r-oldrel-windows-ix86+x86_64

Version: 0.1.5
Check: for GNU extensions in Makefiles
Result: NOTE
    GNU make is a SystemRequirements.
Flavors: r-devel-linux-x86_64-fedora-clang, r-devel-linux-x86_64-fedora-gcc, r-release-macos-x86_64, r-oldrel-macos-x86_64

Version: 0.1.5
Check: whether the namespace can be unloaded cleanly
Result: WARN
    ---- unloading
Flavor: r-devel-windows-x86_64-gcc10-UCRT

Version: 0.1.5
Check: examples
Result: ERROR
    Running examples in 'symengine-Ex.R' failed
    The error most likely occurred in:
    
    > ### Name: D,SymEngineDataType-method
    > ### Title: Derivatives of a Symbolic Expression
    > ### Aliases: D,SymEngineDataType-method
    >
    > ### ** Examples
    >
    > expr <- S(~ exp(x))
    > D(expr) == expr
    [1] TRUE
    > expr <- S(~ x^2 + 2*x + 1)
    > D(expr)
Flavor: r-devel-windows-x86_64-gcc10-UCRT

Version: 0.1.5
Check: tests
Result: ERROR
     Running 'testthat.R'
    Running the tests in 'tests/testthat.R' failed.
    Complete output:
     > library(testthat)
     > library(symengine)
     SymEngine Version: 0.4.1
     _____ _____ _
     | __|_ _ _____| __|___ ___|_|___ ___
     |__ | | | | __| | . | | | -_|
     |_____|_ |_|_|_|_____|_|_|_ |_|_|_|___|
     |___| |___|
     >
     > test_check("symengine")
Flavor: r-devel-windows-x86_64-gcc10-UCRT

Version: 0.1.5
Check: re-building of vignette outputs
Result: WARN
    Error(s) in re-building vignettes:
     ...
    --- re-building 'odesystem.Rmd' using rmarkdown
    --- re-building 'quick_start.Rmd' using rmarkdown
    SUMMARY: processing the following files failed:
     'odesystem.Rmd' 'quick_start.Rmd'
    
    Error: Vignette re-building failed.
    Execution halted
Flavor: r-devel-windows-x86_64-gcc10-UCRT