Last updated on 2023-01-28 08:00:48 CET.
Flavor | Version | Tinstall | Tcheck | Ttotal | Status | Flags |
---|---|---|---|---|---|---|
r-devel-linux-x86_64-debian-clang | 0.2.2 | 207.58 | 42.03 | 249.61 | OK | |
r-devel-linux-x86_64-debian-gcc | 0.2.2 | 162.47 | 31.61 | 194.08 | NOTE | |
r-devel-linux-x86_64-fedora-clang | 0.2.2 | 422.66 | NOTE | |||
r-devel-linux-x86_64-fedora-gcc | 0.2.2 | 343.65 | NOTE | |||
r-patched-linux-x86_64 | 0.2.2 | 177.78 | 39.56 | 217.34 | OK | |
r-release-linux-x86_64 | 0.2.2 | 171.30 | 40.03 | 211.33 | OK | |
r-release-macos-arm64 | 0.2.2 | 82.00 | NOTE | |||
r-release-macos-x86_64 | 0.2.2 | 105.00 | OK | |||
r-release-windows-x86_64 | 0.2.2 | 165.00 | 105.00 | 270.00 | OK | |
r-oldrel-macos-arm64 | 0.2.2 | 75.00 | NOTE | |||
r-oldrel-macos-x86_64 | 0.2.2 | 104.00 | OK | |||
r-oldrel-windows-ix86+x86_64 | 0.2.2 | 512.00 | 104.00 | 616.00 | OK |
Version: 0.2.2
Check: C++ specification
Result: NOTE
Specified C++11: please update to current default of C++17
Flavors: r-devel-linux-x86_64-debian-gcc, r-devel-linux-x86_64-fedora-clang, r-devel-linux-x86_64-fedora-gcc
Version: 0.2.2
Check: installed package size
Result: NOTE
installed size is 5.0Mb
sub-directories of 1Mb or more:
libs 4.9Mb
Flavors: r-release-macos-arm64, r-oldrel-macos-arm64