CRAN Package Check Results for Package syntaxr

Last updated on 2024-05-28 08:54:49 CEST.

Flavor Version Tinstall Tcheck Ttotal Status Flags
r-devel-linux-x86_64-debian-clang 0.8.0 1.89 22.74 24.63 NOTE
r-devel-linux-x86_64-debian-gcc 0.8.0 1.62 17.59 19.21 NOTE
r-devel-linux-x86_64-fedora-clang 0.8.0 31.76 NOTE
r-devel-linux-x86_64-fedora-gcc 0.8.0 29.48 NOTE
r-devel-windows-x86_64 0.8.0 2.00 40.00 42.00 NOTE
r-patched-linux-x86_64 0.8.0 1.72 21.55 23.27 NOTE
r-release-linux-x86_64 0.8.0 1.64 22.20 23.84 NOTE
r-release-macos-arm64 0.8.0 14.00 NOTE
r-release-windows-x86_64 0.8.0 2.00 42.00 44.00 NOTE
r-oldrel-macos-arm64 0.8.0 16.00 NOTE
r-oldrel-macos-x86_64 0.8.0 19.00 NOTE
r-oldrel-windows-x86_64 0.8.0 3.00 44.00 47.00 NOTE

Check Details

Version: 0.8.0
Check: LazyData
Result: NOTE 'LazyData' is specified without a 'data' directory Flavors: r-devel-linux-x86_64-debian-clang, r-devel-linux-x86_64-debian-gcc, r-devel-linux-x86_64-fedora-clang, r-devel-linux-x86_64-fedora-gcc, r-devel-windows-x86_64, r-patched-linux-x86_64, r-release-linux-x86_64, r-release-macos-arm64, r-release-windows-x86_64, r-oldrel-macos-arm64, r-oldrel-macos-x86_64, r-oldrel-windows-x86_64