CRAN Package Check Results for Package systemfit

Last updated on 2024-06-18 08:55:38 CEST.

Flavor Version Tinstall Tcheck Ttotal Status Flags
r-devel-linux-x86_64-debian-clang 1.1-30 11.88 205.37 217.25 OK
r-devel-linux-x86_64-debian-gcc 1.1-30 10.09 148.31 158.40 OK
r-devel-linux-x86_64-fedora-clang 1.1-30 281.91 OK
r-devel-linux-x86_64-fedora-gcc 1.1-30 271.44 OK
r-devel-windows-x86_64 1.1-30 11.00 188.00 199.00 OK
r-patched-linux-x86_64 1.1-30 11.76 193.76 205.52 OK
r-release-linux-x86_64 1.1-30 11.99 193.51 205.50 OK
r-release-macos-arm64 1.1-30 84.00 OK
r-release-macos-x86_64 1.1-30 122.00 WARN
r-release-windows-x86_64 1.1-30 12.00 191.00 203.00 OK
r-oldrel-macos-arm64 1.1-30 90.00 OK
r-oldrel-macos-x86_64 1.1-30 145.00 OK
r-oldrel-windows-x86_64 1.1-30 16.00 227.00 243.00 OK

Check Details

Version: 1.1-30
Check: re-building of vignette outputs
Result: WARN Error(s) in re-building vignettes: ... --- re-building ‘systemfit.Rnw’ using knitr Error: processing vignette 'systemfit.Rnw' failed with diagnostics: Running 'texi2dvi' on 'systemfit.tex' failed. LaTeX errors: ! Undefined control sequence. l.1496 \hldef {sigmaInv} \hlkwb{<-} \hlkwd{solve}\hldef{( residCov )} ? ! Emergency stop. ! Emergency stop. l.1496 End of file on the terminal! ! ==> Fatal error occurred, no output PDF file produced! --- failed re-building ‘systemfit.Rnw’ SUMMARY: processing the following file failed: ‘systemfit.Rnw’ Error: Vignette re-building failed. Execution halted Flavor: r-release-macos-x86_64