CRAN Package Check Results for Package tab

Last updated on 2021-05-18 08:48:30 CEST.

Flavor Version Tinstall Tcheck Ttotal Status Flags
r-devel-linux-x86_64-debian-clang 4.1.1 14.88 112.82 127.70 OK
r-devel-linux-x86_64-debian-gcc 4.1.1 12.45 82.91 95.36 OK
r-devel-linux-x86_64-fedora-clang 4.1.1 156.43 NOTE
r-devel-linux-x86_64-fedora-gcc 4.1.1 144.06 NOTE
r-devel-windows-ix86+x86_64 4.1.1 29.00 95.00 124.00 OK
r-devel-windows-x86_64-gcc10-UCRT 4.1.1 NOTE
r-patched-linux-x86_64 4.1.1 14.89 105.89 120.78 OK
r-patched-solaris-x86 4.1.1 207.60 NOTE
r-release-linux-x86_64 4.1.1 13.99 101.89 115.88 OK
r-release-macos-x86_64 4.1.1 NOTE
r-release-windows-ix86+x86_64 4.1.1 20.00 100.00 120.00 OK
r-oldrel-macos-x86_64 4.1.1 NOTE
r-oldrel-windows-ix86+x86_64 4.1.1 18.00 124.00 142.00 OK

Check Details

Version: 4.1.1
Check: dependencies in R code
Result: NOTE
    Namespaces in Imports field not imported from:
     ‘gee’ ‘survival’
     All declared Imports should be used.
Flavors: r-devel-linux-x86_64-fedora-clang, r-devel-linux-x86_64-fedora-gcc, r-devel-windows-x86_64-gcc10-UCRT, r-patched-solaris-x86, r-release-macos-x86_64, r-oldrel-macos-x86_64