CRAN Package Check Results for Package tabulator

Last updated on 2024-04-21 08:54:06 CEST.

Flavor Version Tinstall Tcheck Ttotal Status Flags
r-devel-linux-x86_64-debian-clang 1.0.0 6.02 44.66 50.68 NOTE
r-devel-linux-x86_64-debian-gcc 1.0.0 4.16 32.93 37.09 NOTE
r-devel-linux-x86_64-fedora-clang 1.0.0 61.70 NOTE
r-devel-linux-x86_64-fedora-gcc 1.0.0 58.43 NOTE
r-prerel-macos-arm64 1.0.0 23.00 NOTE
r-prerel-windows-x86_64 1.0.0 7.00 54.00 61.00 NOTE
r-patched-linux-x86_64 1.0.0 4.30 43.45 47.75 NOTE
r-release-linux-x86_64 1.0.0 3.02 41.35 44.37 NOTE
r-release-macos-arm64 1.0.0 24.00 NOTE
r-release-macos-x86_64 1.0.0 32.00 NOTE
r-release-windows-x86_64 1.0.0 8.00 54.00 62.00 NOTE
r-oldrel-macos-arm64 1.0.0 23.00 NOTE
r-oldrel-windows-x86_64 1.0.0 9.00 60.00 69.00 NOTE

Check Details

Version: 1.0.0
Check: LazyData
Result: NOTE 'LazyData' is specified without a 'data' directory Flavors: r-devel-linux-x86_64-debian-clang, r-devel-linux-x86_64-debian-gcc, r-devel-linux-x86_64-fedora-clang, r-devel-linux-x86_64-fedora-gcc, r-prerel-macos-arm64, r-prerel-windows-x86_64, r-patched-linux-x86_64, r-release-linux-x86_64, r-release-macos-arm64, r-release-macos-x86_64, r-release-windows-x86_64, r-oldrel-macos-arm64, r-oldrel-windows-x86_64

Version: 1.0.0
Check: dependencies in R code
Result: NOTE Namespaces in Imports field not imported from: ‘stringr’ ‘tibble’ All declared Imports should be used. Flavors: r-devel-linux-x86_64-fedora-clang, r-devel-linux-x86_64-fedora-gcc, r-oldrel-macos-arm64