Last updated on 2024-04-20 08:51:16 CEST.
Flavor | Version | Tinstall | Tcheck | Ttotal | Status | Flags |
---|---|---|---|---|---|---|
r-devel-linux-x86_64-debian-clang | 0.1.2 | 4.20 | 43.19 | 47.39 | NOTE | |
r-devel-linux-x86_64-debian-gcc | 0.1.2 | 3.56 | 33.87 | 37.43 | NOTE | |
r-devel-linux-x86_64-fedora-clang | 0.1.2 | 61.92 | NOTE | |||
r-devel-linux-x86_64-fedora-gcc | 0.1.2 | 71.66 | NOTE | |||
r-prerel-macos-arm64 | 0.1.2 | 28.00 | NOTE | |||
r-prerel-windows-x86_64 | 0.1.2 | 6.00 | 62.00 | 68.00 | NOTE | |
r-patched-linux-x86_64 | 0.1.2 | 4.22 | 41.59 | 45.81 | NOTE | |
r-release-linux-x86_64 | 0.1.2 | 4.45 | 40.18 | 44.63 | NOTE | |
r-release-macos-arm64 | 0.1.2 | 29.00 | NOTE | |||
r-release-macos-x86_64 | 0.1.2 | 43.00 | NOTE | |||
r-release-windows-x86_64 | 0.1.2 | 6.00 | 57.00 | 63.00 | NOTE | |
r-oldrel-macos-arm64 | 0.1.2 | 23.00 | NOTE | |||
r-oldrel-windows-x86_64 | 0.1.2 | 8.00 | 67.00 | 75.00 | NOTE |
Version: 0.1.2
Check: LazyData
Result: NOTE
'LazyData' is specified without a 'data' directory
Flavors: r-devel-linux-x86_64-debian-clang, r-devel-linux-x86_64-debian-gcc, r-devel-linux-x86_64-fedora-clang, r-devel-linux-x86_64-fedora-gcc, r-prerel-macos-arm64, r-prerel-windows-x86_64, r-patched-linux-x86_64, r-release-linux-x86_64, r-release-macos-arm64, r-release-macos-x86_64, r-release-windows-x86_64, r-oldrel-macos-arm64, r-oldrel-windows-x86_64