Last updated on 2024-08-31 08:48:25 CEST.
Flavor | Version | Tinstall | Tcheck | Ttotal | Status | Flags |
---|---|---|---|---|---|---|
r-devel-linux-x86_64-debian-clang | 0.0.1 | 13.67 | 40.62 | 54.29 | NOTE | |
r-devel-linux-x86_64-debian-gcc | 0.0.1 | 9.55 | 29.45 | 39.00 | NOTE | |
r-devel-linux-x86_64-fedora-clang | 0.0.1 | 91.41 | OK | |||
r-devel-linux-x86_64-fedora-gcc | 0.0.1 | 91.39 | OK | |||
r-devel-windows-x86_64 | 0.0.1 | 16.00 | 75.00 | 91.00 | NOTE | |
r-patched-linux-x86_64 | 0.0.1 | 19.48 | 38.85 | 58.33 | OK | |
r-release-linux-x86_64 | 0.0.1 | 12.10 | 38.50 | 50.60 | OK | |
r-release-macos-arm64 | 0.0.1 | 29.00 | OK | |||
r-release-macos-x86_64 | 0.0.1 | 41.00 | OK | |||
r-release-windows-x86_64 | 0.0.1 | 22.00 | 80.00 | 102.00 | OK | |
r-oldrel-macos-arm64 | 0.0.1 | 31.00 | OK | |||
r-oldrel-macos-x86_64 | 0.0.1 | 48.00 | OK | |||
r-oldrel-windows-x86_64 | 0.0.1 | 21.00 | 92.00 | 113.00 | OK |
Version: 0.0.1
Check: Rd cross-references
Result: NOTE
Found the following Rd file(s) with Rd \link{} targets missing package
anchors:
medic.Rd: bind
Please provide package anchors for all Rd \link{} targets not in the
package itself and the base packages.
Flavors: r-devel-linux-x86_64-debian-clang, r-devel-linux-x86_64-debian-gcc, r-devel-windows-x86_64