Last updated on 2024-08-31 08:48:25 CEST.
Flavor | Version | Tinstall | Tcheck | Ttotal | Status | Flags |
---|---|---|---|---|---|---|
r-devel-linux-x86_64-debian-clang | 3.1.0 | 7.05 | 94.69 | 101.74 | OK | |
r-devel-linux-x86_64-debian-gcc | 3.1.0 | 5.02 | 67.51 | 72.53 | OK | |
r-devel-linux-x86_64-fedora-clang | 3.1.0 | 162.13 | NOTE | |||
r-devel-linux-x86_64-fedora-gcc | 3.1.0 | 171.21 | NOTE | |||
r-devel-windows-x86_64 | 3.1.0 | 8.00 | 99.00 | 107.00 | OK | |
r-patched-linux-x86_64 | 3.1.0 | 5.55 | 88.75 | 94.30 | OK | |
r-release-linux-x86_64 | 3.1.0 | 6.45 | 89.58 | 96.03 | OK | |
r-release-macos-arm64 | 3.1.0 | 54.00 | OK | |||
r-release-macos-x86_64 | 3.1.0 | 77.00 | OK | |||
r-release-windows-x86_64 | 3.1.0 | 10.00 | 108.00 | 118.00 | OK | |
r-oldrel-macos-arm64 | 3.1.0 | 66.00 | OK | |||
r-oldrel-macos-x86_64 | 3.1.0 | 146.00 | OK | |||
r-oldrel-windows-x86_64 | 3.1.0 | 11.00 | 114.00 | 125.00 | OK |
Version: 3.1.0
Check: data for non-ASCII characters
Result: NOTE
Note: found 36 marked UTF-8 strings
Flavors: r-devel-linux-x86_64-fedora-clang, r-devel-linux-x86_64-fedora-gcc