CRAN Package Check Results for Package tbm

Last updated on 2021-09-20 08:50:48 CEST.

Flavor Version Tinstall Tcheck Ttotal Status Flags
r-devel-linux-x86_64-debian-clang 0.3-4 9.65 425.07 434.72 OK
r-devel-linux-x86_64-debian-gcc 0.3-4 7.06 313.28 320.34 OK
r-devel-linux-x86_64-fedora-clang 0.3-4 505.48 OK
r-devel-linux-x86_64-fedora-gcc 0.3-4 503.79 OK
r-devel-windows-x86_64 0.3-4 11.00 430.00 441.00 OK
r-devel-windows-x86_64-gcc10-UCRT 0.3-4 ERROR
r-patched-linux-x86_64 0.3-4 10.20 407.03 417.23 OK
r-patched-solaris-x86 0.3-4 798.20 OK
r-release-linux-x86_64 0.3-4 8.61 405.46 414.07 OK
r-release-macos-arm64 0.3-4 OK
r-release-macos-x86_64 0.3-4 OK
r-release-windows-ix86+x86_64 0.3-4 22.00 409.00 431.00 OK
r-oldrel-macos-x86_64 0.3-4 OK
r-oldrel-windows-ix86+x86_64 0.3-4 21.00 421.00 442.00 OK

Check Details

Version: 0.3-4
Check: whether package can be installed
Result: WARN
    Found the following significant warnings:
     WARNING: installation-time patches will not be applied, could not get the patches index
Flavor: r-devel-windows-x86_64-gcc10-UCRT

Version: 0.3-4
Check: PDF version of manual
Result: WARN
    LaTeX errors when creating PDF version.
    This typically indicates Rd problems.
Flavor: r-devel-windows-x86_64-gcc10-UCRT

Version: 0.3-4
Check: PDF version of manual without hyperrefs or index
Result: ERROR
    Re-running with no redirection of stdout/stderr.
Flavor: r-devel-windows-x86_64-gcc10-UCRT