CRAN Package Check Results for Package tensorTS

Last updated on 2021-09-20 08:50:48 CEST.

Flavor Version Tinstall Tcheck Ttotal Status Flags
r-devel-linux-x86_64-debian-clang 0.1.2 11.60 96.17 107.77 OK
r-devel-linux-x86_64-debian-gcc 0.1.2 9.11 71.29 80.40 OK
r-devel-linux-x86_64-fedora-clang 0.1.2 136.93 OK
r-devel-linux-x86_64-fedora-gcc 0.1.2 125.46 OK
r-devel-windows-x86_64 0.1.2 15.00 85.00 100.00 OK
r-devel-windows-x86_64-gcc10-UCRT 0.1.2 ERROR
r-patched-linux-x86_64 0.1.2 10.62 92.55 103.17 OK
r-patched-solaris-x86 0.1.2 176.20 OK
r-release-linux-x86_64 0.1.2 11.01 92.15 103.16 OK
r-release-macos-arm64 0.1.2 OK
r-release-macos-x86_64 0.1.2 OK
r-release-windows-ix86+x86_64 0.1.2 25.00 83.00 108.00 OK
r-oldrel-macos-x86_64 0.1.2 OK
r-oldrel-windows-ix86+x86_64 0.1.2 23.00 84.00 107.00 OK

Check Details

Version: 0.1.2
Check: whether package can be installed
Result: WARN
    Found the following significant warnings:
     WARNING: installation-time patches will not be applied, could not get the patches index
Flavor: r-devel-windows-x86_64-gcc10-UCRT

Version: 0.1.2
Check: PDF version of manual
Result: WARN
    LaTeX errors when creating PDF version.
    This typically indicates Rd problems.
Flavor: r-devel-windows-x86_64-gcc10-UCRT

Version: 0.1.2
Check: PDF version of manual without hyperrefs or index
Result: ERROR
    Re-running with no redirection of stdout/stderr.
Flavor: r-devel-windows-x86_64-gcc10-UCRT