Last updated on 2024-04-20 08:51:16 CEST.
Flavor | Version | Tinstall | Tcheck | Ttotal | Status | Flags |
---|---|---|---|---|---|---|
r-devel-linux-x86_64-debian-clang | 4.2.0 | 28.73 | 595.12 | 623.85 | NOTE | |
r-devel-linux-x86_64-debian-gcc | 4.2.0 | 23.30 | 435.07 | 458.37 | NOTE | |
r-devel-linux-x86_64-fedora-clang | 4.2.0 | 749.86 | NOTE | |||
r-devel-linux-x86_64-fedora-gcc | 4.2.0 | 770.41 | NOTE | |||
r-prerel-macos-arm64 | 4.2.0 | 149.00 | NOTE | |||
r-prerel-windows-x86_64 | 4.2.0 | 28.00 | 276.00 | 304.00 | NOTE | --no-vignettes |
r-patched-linux-x86_64 | 4.2.0 | 37.72 | 575.01 | 612.73 | NOTE | |
r-release-linux-x86_64 | 4.2.0 | 19.12 | 580.29 | 599.41 | OK | |
r-release-macos-arm64 | 4.2.0 | 163.00 | OK | |||
r-release-macos-x86_64 | 4.2.0 | 310.00 | OK | |||
r-release-windows-x86_64 | 4.2.0 | 34.00 | 345.00 | 379.00 | OK | --no-vignettes |
r-oldrel-macos-arm64 | 4.2.0 | 169.00 | OK | |||
r-oldrel-windows-x86_64 | 4.2.0 | 32.00 | 353.00 | 385.00 | OK | --no-vignettes |
Version: 4.2.0
Check: Rd files
Result: NOTE
checkRd: (-1) NEWS.Rd:427: Lost braces; missing escapes or markup?
427 | \item Changes to \code{simulate.stergm} parameters: addition of \code{duration.dependent} parameter: {Logical: Whether the model terms in formula or model are duration dependent. E.g., if a duration-dependent term is used in estimation/simulation model, the probability of forming or dissolving a tie may dependent on the age the dyad status. If TRUE, the matrix of tie ages will be allocated.}
| ^
checkRd: (-1) discordBDStratTNT-ergmProposal-9267ec8b.Rd:18: Lost braces
18 | code{\link[ergm:blocks-ergmConstraint]{blocks}} constraints and
| ^
checkRd: (-1) discordTNT-ergmProposal-bc75dff0.Rd:9: Lost braces
9 | code{discordance_fraction} of proposed toggles being made on the set of discordant dyads,
| ^
Flavors: r-devel-linux-x86_64-debian-clang, r-devel-linux-x86_64-debian-gcc, r-devel-linux-x86_64-fedora-clang, r-devel-linux-x86_64-fedora-gcc, r-prerel-macos-arm64, r-patched-linux-x86_64
Version: 4.2.0
Flags: --no-vignettes
Check: Rd files
Result: NOTE
checkRd: (-1) NEWS.Rd:427: Lost braces; missing escapes or markup?
427 | \item Changes to \code{simulate.stergm} parameters: addition of \code{duration.dependent} parameter: {Logical: Whether the model terms in formula or model are duration dependent. E.g., if a duration-dependent term is used in estimation/simulation model, the probability of forming or dissolving a tie may dependent on the age the dyad status. If TRUE, the matrix of tie ages will be allocated.}
| ^
checkRd: (-1) discordBDStratTNT-ergmProposal-9267ec8b.Rd:18: Lost braces
18 | code{\link[ergm:blocks-ergmConstraint]{blocks}} constraints and
| ^
checkRd: (-1) discordTNT-ergmProposal-bc75dff0.Rd:9: Lost braces
9 | code{discordance_fraction} of proposed toggles being made on the set of discordant dyads,
| ^
Flavor: r-prerel-windows-x86_64