CRAN Package Check Results for Package tern

Last updated on 2024-04-17 08:57:48 CEST.

Flavor Version Tinstall Tcheck Ttotal Status Flags
r-devel-linux-x86_64-debian-clang 0.9.3 25.97 636.33 662.30 OK
r-devel-linux-x86_64-debian-gcc 0.9.3 28.16 448.91 477.07 OK
r-devel-linux-x86_64-fedora-clang 0.9.3 835.15 NOTE
r-devel-linux-x86_64-fedora-gcc 0.9.3 854.80 OK
r-prerel-macos-arm64 0.9.3 191.00 NOTE
r-prerel-windows-x86_64 0.9.3 28.00 461.00 489.00 NOTE
r-patched-linux-x86_64 0.9.3 44.11 592.11 636.22 OK
r-release-linux-x86_64 0.9.3 28.65 615.51 644.16 OK
r-release-macos-arm64 0.9.3 158.00 NOTE
r-release-macos-x86_64 0.9.3 269.00 NOTE
r-release-windows-x86_64 0.9.3 41.00 624.00 665.00 NOTE
r-oldrel-macos-arm64 0.9.3 151.00 NOTE
r-oldrel-windows-x86_64 0.9.3 39.00 567.00 606.00 NOTE

Check Details

Version: 0.9.3
Check: installed package size
Result: NOTE installed size is 8.5Mb sub-directories of 1Mb or more: doc 4.5Mb help 2.7Mb Flavors: r-devel-linux-x86_64-fedora-clang, r-prerel-macos-arm64, r-prerel-windows-x86_64, r-release-macos-arm64, r-release-macos-x86_64, r-release-windows-x86_64, r-oldrel-macos-arm64, r-oldrel-windows-x86_64