Last updated on 2024-04-23 08:58:19 CEST.
Flavor | Version | Tinstall | Tcheck | Ttotal | Status | Flags |
---|---|---|---|---|---|---|
r-devel-linux-x86_64-debian-clang | 1.7-71 | 654.38 | 479.45 | 1133.83 | OK | |
r-devel-linux-x86_64-debian-gcc | 1.7-71 | 581.31 | 324.63 | 905.94 | OK | |
r-devel-linux-x86_64-fedora-clang | 1.7-71 | 1520.49 | NOTE | |||
r-devel-linux-x86_64-fedora-gcc | 1.7-71 | 1705.45 | OK | |||
r-prerel-macos-arm64 | 1.7-71 | 291.00 | NOTE | |||
r-prerel-macos-x86_64 | 1.7-71 | 719.00 | NOTE | |||
r-prerel-windows-x86_64 | 1.7-71 | 464.00 | 5.00 | 469.00 | ERROR | |
r-patched-linux-x86_64 | 1.7-71 | 691.44 | 444.89 | 1136.33 | OK | |
r-release-linux-x86_64 | 1.7-71 | 714.05 | 440.91 | 1154.96 | OK | |
r-release-macos-arm64 | 1.7-71 | 373.00 | NOTE | |||
r-release-macos-x86_64 | 1.7-71 | 718.00 | NOTE | |||
r-release-windows-x86_64 | 1.7-71 | 668.00 | 1168.00 | 1836.00 | NOTE | |
r-oldrel-macos-arm64 | 1.7-71 | 363.00 | NOTE | |||
r-oldrel-windows-x86_64 | 1.7-71 | 684.00 | 953.00 | 1637.00 | NOTE |
Version: 1.7-71
Check: installed package size
Result: NOTE
installed size is 10.0Mb
sub-directories of 1Mb or more:
R 2.3Mb
libs 6.3Mb
Flavors: r-devel-linux-x86_64-fedora-clang, r-prerel-macos-arm64, r-prerel-macos-x86_64, r-release-macos-arm64, r-release-macos-x86_64, r-release-windows-x86_64, r-oldrel-macos-arm64, r-oldrel-windows-x86_64
Version: 1.7-71
Check: whether package can be installed
Result: ERROR
Installation failed.
Flavor: r-prerel-windows-x86_64