Last updated on 2024-04-23 08:58:19 CEST.
Flavor | Version | Tinstall | Tcheck | Ttotal | Status | Flags |
---|---|---|---|---|---|---|
r-devel-linux-x86_64-debian-clang | 1.1.8 | 139.65 | 160.95 | 300.60 | OK | |
r-devel-linux-x86_64-debian-gcc | 1.1.8 | 116.85 | 127.35 | 244.20 | OK | |
r-devel-linux-x86_64-fedora-clang | 1.1.8 | 411.10 | OK | |||
r-devel-linux-x86_64-fedora-gcc | 1.1.8 | 465.07 | OK | |||
r-prerel-macos-arm64 | 1.1.8 | 101.00 | NOTE | |||
r-prerel-windows-x86_64 | 1.1.8 | 101.00 | 157.00 | 258.00 | OK | |
r-patched-linux-x86_64 | 1.1.8 | 140.40 | 154.92 | 295.32 | OK | |
r-release-linux-x86_64 | 1.1.8 | 141.01 | 159.17 | 300.18 | OK | |
r-release-macos-arm64 | 1.1.8 | 123.00 | NOTE | |||
r-release-macos-x86_64 | 1.1.8 | 225.00 | NOTE | |||
r-release-windows-x86_64 | 1.1.8 | 131.00 | 193.00 | 324.00 | OK | |
r-oldrel-macos-arm64 | 1.1.8 | 110.00 | NOTE | |||
r-oldrel-windows-x86_64 | 1.1.8 | 121.00 | 180.00 | 301.00 | OK |
Version: 1.1.8
Check: installed package size
Result: NOTE
installed size is 15.3Mb
sub-directories of 1Mb or more:
libs 13.8Mb
Flavors: r-prerel-macos-arm64, r-release-macos-arm64, r-release-macos-x86_64, r-oldrel-macos-arm64