CRAN Package Check Results for Package textreuse

Last updated on 2021-05-10 08:49:29 CEST.

Flavor Version Tinstall Tcheck Ttotal Status Flags
r-devel-linux-x86_64-debian-clang 0.1.5 44.82 58.10 102.92 NOTE
r-devel-linux-x86_64-debian-gcc 0.1.5 26.71 44.66 71.37 NOTE
r-devel-linux-x86_64-fedora-clang 0.1.5 147.52 NOTE
r-devel-linux-x86_64-fedora-gcc 0.1.5 122.29 NOTE
r-devel-windows-ix86+x86_64 0.1.5 104.00 116.00 220.00 NOTE
r-devel-windows-x86_64-gcc10-UCRT 0.1.5 NOTE
r-patched-linux-x86_64 0.1.5 34.61 56.19 90.80 NOTE
r-patched-solaris-x86 0.1.5 152.10 NOTE
r-release-linux-x86_64 0.1.5 31.46 55.72 87.18 OK
r-release-macos-x86_64 0.1.5 OK
r-release-windows-ix86+x86_64 0.1.5 69.00 97.00 166.00 NOTE
r-oldrel-macos-x86_64 0.1.5 OK
r-oldrel-windows-ix86+x86_64 0.1.5 95.00 113.00 208.00 OK

Check Details

Version: 0.1.5
Check: LazyData
Result: NOTE
     'LazyData' is specified without a 'data' directory
Flavors: r-devel-linux-x86_64-debian-clang, r-devel-linux-x86_64-debian-gcc, r-devel-linux-x86_64-fedora-clang, r-devel-linux-x86_64-fedora-gcc, r-devel-windows-ix86+x86_64, r-devel-windows-x86_64-gcc10-UCRT, r-patched-linux-x86_64, r-patched-solaris-x86

Version: 0.1.5
Check: Rd cross-references
Result: NOTE
    Undeclared package ‘tm’ in Rd xrefs
Flavor: r-devel-linux-x86_64-fedora-clang

Version: 0.1.5
Check: installed package size
Result: NOTE
     installed size is 5.3Mb
     sub-directories of 1Mb or more:
     extdata 2.9Mb
     libs 2.1Mb
Flavors: r-devel-windows-ix86+x86_64, r-release-windows-ix86+x86_64