CRAN Package Check Results for Package textshaping

Last updated on 2024-05-27 08:49:40 CEST.

Flavor Version Tinstall Tcheck Ttotal Status Flags
r-devel-linux-x86_64-debian-clang 0.3.7 21.35 33.69 55.04 NOTE
r-devel-linux-x86_64-debian-gcc 0.4.0 17.64 25.98 43.62 NOTE
r-devel-linux-x86_64-fedora-clang 0.4.0 75.64 NOTE
r-devel-linux-x86_64-fedora-gcc 0.4.0 95.59 NOTE
r-devel-windows-x86_64 0.4.0 28.00 72.00 100.00 NOTE
r-patched-linux-x86_64 0.3.7 20.55 32.45 53.00 OK
r-release-linux-x86_64 0.4.0 22.79 33.70 56.49 OK
r-release-macos-arm64 0.4.0 61.00 NOTE
r-release-macos-x86_64 0.4.0 86.00 NOTE
r-release-windows-x86_64 0.4.0 29.00 69.00 98.00 OK
r-oldrel-macos-arm64 0.4.0 42.00 NOTE
r-oldrel-macos-x86_64 0.4.0 72.00 NOTE
r-oldrel-windows-x86_64 0.4.0 32.00 74.00 106.00 OK

Check Details

Version: 0.3.7
Check: compiled code
Result: NOTE File ‘textshaping/libs/textshaping.so’: Found non-API calls to R: ‘SETLENGTH’, ‘SET_TRUELENGTH’ Compiled code should not call non-API entry points in R. See ‘Writing portable packages’ in the ‘Writing R Extensions’ manual. Flavor: r-devel-linux-x86_64-debian-clang

Version: 0.4.0
Check: compiled code
Result: NOTE File ‘textshaping/libs/textshaping.so’: Found non-API calls to R: ‘SETLENGTH’, ‘SET_TRUELENGTH’ Compiled code should not call non-API entry points in R. See ‘Writing portable packages’ in the ‘Writing R Extensions’ manual. Flavors: r-devel-linux-x86_64-debian-gcc, r-devel-linux-x86_64-fedora-clang, r-devel-linux-x86_64-fedora-gcc

Version: 0.4.0
Check: compiled code
Result: NOTE File 'textshaping/libs/x64/textshaping.dll': Found non-API calls to R: 'SETLENGTH', 'SET_TRUELENGTH' Compiled code should not call non-API entry points in R. See 'Writing portable packages' in the 'Writing R Extensions' manual. Flavor: r-devel-windows-x86_64

Version: 0.4.0
Check: installed package size
Result: NOTE installed size is 21.2Mb sub-directories of 1Mb or more: libs 21.0Mb Flavors: r-release-macos-arm64, r-release-macos-x86_64, r-oldrel-macos-arm64, r-oldrel-macos-x86_64