Last updated on 2024-04-23 08:58:19 CEST.
Flavor | Version | Tinstall | Tcheck | Ttotal | Status | Flags |
---|---|---|---|---|---|---|
r-devel-linux-x86_64-debian-clang | 3.2.1 | 9.06 | 212.88 | 221.94 | OK | |
r-devel-linux-x86_64-debian-gcc | 3.2.1 | 7.32 | 151.91 | 159.23 | NOTE | |
r-devel-linux-x86_64-fedora-clang | 3.2.1 | 276.98 | NOTE | |||
r-devel-linux-x86_64-fedora-gcc | 3.2.1 | 264.38 | NOTE | |||
r-prerel-macos-arm64 | 3.2.1 | 74.00 | OK | |||
r-prerel-windows-x86_64 | 3.2.1 | 12.00 | 158.00 | 170.00 | OK | |
r-patched-linux-x86_64 | 3.2.1 | 14.40 | 202.89 | 217.29 | OK | |
r-release-linux-x86_64 | 3.2.1 | 8.19 | 201.71 | 209.90 | OK | |
r-release-macos-arm64 | 3.2.1 | 84.00 | OK | |||
r-release-macos-x86_64 | 3.2.1 | 151.00 | OK | |||
r-release-windows-x86_64 | 3.2.1 | 16.00 | 191.00 | 207.00 | OK | |
r-oldrel-macos-arm64 | 3.2.1 | 57.00 | OK | |||
r-oldrel-windows-x86_64 | 3.2.1 | 15.00 | 185.00 | 200.00 | OK |
Version: 3.2.1
Check: compiled code
Result: NOTE
File ‘tibble/libs/tibble.so’:
Found non-API call to R: ‘SET_S4_OBJECT’
Compiled code should not call non-API entry points in R.
See ‘Writing portable packages’ in the ‘Writing R Extensions’ manual.
Flavors: r-devel-linux-x86_64-debian-gcc, r-devel-linux-x86_64-fedora-clang, r-devel-linux-x86_64-fedora-gcc