Last updated on 2021-04-16 08:48:44 CEST.
Flavor | Version | Tinstall | Tcheck | Ttotal | Status | Flags |
---|---|---|---|---|---|---|
r-devel-linux-x86_64-debian-clang | 1.0.8 | 9.02 | 137.18 | 146.20 | OK | |
r-devel-linux-x86_64-debian-gcc | 1.0.8 | 7.01 | 95.41 | 102.42 | OK | |
r-devel-linux-x86_64-fedora-clang | 1.0.8 | 183.69 | NOTE | |||
r-devel-linux-x86_64-fedora-gcc | 1.0.8 | 170.49 | NOTE | |||
r-devel-windows-ix86+x86_64 | 1.0.8 | 22.00 | 133.00 | 155.00 | OK | |
r-devel-windows-x86_64-gcc10-UCRT | 1.0.8 | NOTE | ||||
r-patched-linux-x86_64 | 1.0.8 | 7.84 | 135.15 | 142.99 | OK | |
r-patched-solaris-x86 | 1.0.8 | 242.70 | NOTE | |||
r-release-linux-x86_64 | 1.0.8 | 8.47 | 126.72 | 135.19 | OK | |
r-release-macos-x86_64 | 1.0.8 | NOTE | ||||
r-release-windows-ix86+x86_64 | 1.0.8 | 42.00 | 177.00 | 219.00 | OK | |
r-oldrel-macos-x86_64 | 1.0.8 | NOTE | ||||
r-oldrel-windows-ix86+x86_64 | 1.0.8 | 15.00 | 154.00 | 169.00 | OK |
Version: 1.0.8
Check: dependencies in R code
Result: NOTE
Namespace in Imports field not imported from: ‘mix’
All declared Imports should be used.
Flavors: r-devel-linux-x86_64-fedora-clang, r-devel-linux-x86_64-fedora-gcc, r-devel-windows-x86_64-gcc10-UCRT, r-patched-solaris-x86, r-release-macos-x86_64, r-oldrel-macos-x86_64