Last updated on 2024-03-12 07:50:09 CET.
Flavor | Version | Tinstall | Tcheck | Ttotal | Status | Flags |
---|---|---|---|---|---|---|
r-devel-linux-x86_64-debian-clang | 0.2.6 | 62.41 | 641.28 | 703.69 | OK | |
r-devel-linux-x86_64-debian-gcc | 0.2.6 | 50.12 | 521.54 | 571.66 | OK | |
r-devel-linux-x86_64-fedora-clang | 0.2.6 | 928.34 | OK | |||
r-devel-linux-x86_64-fedora-gcc | 0.2.6 | 594.55 | OK | |||
r-devel-windows-x86_64 | 0.2.6 | 42.00 | 469.00 | 511.00 | OK | |
r-patched-linux-x86_64 | 0.2.6 | 0.71 | 2.08 | 2.79 | ERROR | |
r-release-linux-x86_64 | 0.2.6 | 55.68 | 693.73 | 749.41 | OK | |
r-release-macos-arm64 | 0.2.6 | 187.00 | OK | |||
r-release-macos-x86_64 | 0.2.6 | 288.00 | OK | |||
r-release-windows-x86_64 | 0.2.6 | 55.00 | 600.00 | 655.00 | OK | |
r-oldrel-macos-arm64 | 0.2.6 | 211.00 | OK | |||
r-oldrel-windows-x86_64 | 0.2.6 | 57.00 | 588.00 | 645.00 | OK |
Version: 0.2.6
Check: package dependencies
Result: ERROR
Package required but not available: ‘blavaan’
See section ‘The DESCRIPTION file’ in the ‘Writing R Extensions’
manual.
Flavor: r-patched-linux-x86_64