CRAN Package Check Results for Package tidycat

Last updated on 2024-05-19 08:53:56 CEST.

Flavor Version Tinstall Tcheck Ttotal Status Flags
r-devel-linux-x86_64-debian-clang 0.1.2 2.73 49.61 52.34 OK
r-devel-linux-x86_64-debian-gcc 0.1.2 1.87 37.25 39.12 OK
r-devel-linux-x86_64-fedora-clang 0.1.2 66.24 NOTE
r-devel-linux-x86_64-fedora-gcc 0.1.2 76.74 NOTE
r-devel-windows-x86_64 0.1.2 3.00 55.00 58.00 OK
r-patched-linux-x86_64 0.1.2 1.68 47.48 49.16 OK
r-release-linux-x86_64 0.1.2 1.52 47.11 48.63 OK
r-release-macos-arm64 0.1.2 27.00 OK
r-release-windows-x86_64 0.1.2 4.00 56.00 60.00 OK
r-oldrel-macos-arm64 0.1.2 27.00 OK
r-oldrel-macos-x86_64 0.1.2 37.00 OK
r-oldrel-windows-x86_64 0.1.2 4.00 59.00 63.00 OK

Check Details

Version: 0.1.2
Check: dependencies in R code
Result: NOTE Namespace in Imports field not imported from: ‘tidyr’ All declared Imports should be used. Flavors: r-devel-linux-x86_64-fedora-clang, r-devel-linux-x86_64-fedora-gcc