Last updated on 2024-04-19 08:54:57 CEST.
Flavor | Version | Tinstall | Tcheck | Ttotal | Status | Flags |
---|---|---|---|---|---|---|
r-devel-linux-x86_64-debian-clang | 1.6.3 | 15.42 | 107.95 | 123.37 | OK | |
r-devel-linux-x86_64-debian-gcc | 1.6.3 | OK | ||||
r-devel-linux-x86_64-fedora-clang | 1.6.3 | 152.97 | NOTE | |||
r-devel-linux-x86_64-fedora-gcc | 1.6.3 | 147.99 | NOTE | |||
r-prerel-macos-arm64 | 1.6.3 | 45.00 | OK | |||
r-prerel-macos-x86_64 | 1.6.3 | 108.00 | OK | |||
r-prerel-windows-x86_64 | 1.6.3 | 15.00 | 92.00 | 107.00 | OK | |
r-patched-linux-x86_64 | 1.6.3 | 13.70 | 101.83 | 115.53 | OK | |
r-release-linux-x86_64 | 1.6.3 | 17.83 | 102.14 | 119.97 | OK | |
r-release-macos-arm64 | 1.6.3 | 47.00 | OK | |||
r-release-macos-x86_64 | 1.6.3 | 122.00 | OK | |||
r-release-windows-x86_64 | 1.6.3 | 20.00 | 107.00 | 127.00 | OK | |
r-oldrel-macos-arm64 | 1.6.3 | 47.00 | OK | |||
r-oldrel-windows-x86_64 | 1.6.3 | 22.00 | 108.00 | 130.00 | OK |
Version: 1.6.3
Check: data for non-ASCII characters
Result: NOTE
Note: found 2 marked UTF-8 strings
Flavors: r-devel-linux-x86_64-fedora-clang, r-devel-linux-x86_64-fedora-gcc