CRAN Package Check Results for Package tidyfst

Last updated on 2021-05-10 08:49:29 CEST.

Flavor Version Tinstall Tcheck Ttotal Status Flags
r-devel-linux-x86_64-debian-clang 0.9.9 5.65 109.74 115.39 NOTE
r-devel-linux-x86_64-debian-gcc 0.9.9 4.46 78.31 82.77 NOTE
r-devel-linux-x86_64-fedora-clang 0.9.9 134.62 NOTE
r-devel-linux-x86_64-fedora-gcc 0.9.9 121.72 NOTE
r-devel-windows-ix86+x86_64 0.9.9 7.00 130.00 137.00 NOTE
r-devel-windows-x86_64-gcc10-UCRT 0.9.9 NOTE
r-patched-linux-x86_64 0.9.9 7.90 97.00 104.90 NOTE
r-patched-solaris-x86 0.9.9 159.50 NOTE
r-release-linux-x86_64 0.9.9 5.53 95.90 101.43 OK
r-release-macos-x86_64 0.9.9 OK
r-release-windows-ix86+x86_64 0.9.9 9.00 94.00 103.00 OK
r-oldrel-macos-x86_64 0.9.9 OK
r-oldrel-windows-ix86+x86_64 0.9.9 11.00 127.00 138.00 OK

Check Details

Version: 0.9.9
Check: LazyData
Result: NOTE
     'LazyData' is specified without a 'data' directory
Flavors: r-devel-linux-x86_64-debian-clang, r-devel-linux-x86_64-debian-gcc, r-devel-linux-x86_64-fedora-clang, r-devel-linux-x86_64-fedora-gcc, r-devel-windows-ix86+x86_64, r-devel-windows-x86_64-gcc10-UCRT, r-patched-linux-x86_64, r-patched-solaris-x86

Version: 0.9.9
Check: Rd cross-references
Result: NOTE
    Undeclared packages ‘fastDummies’, ‘sjmisc’ in Rd xrefs
Flavor: r-devel-linux-x86_64-fedora-clang