Last updated on 2024-08-31 08:48:25 CEST.
Flavor | Version | Tinstall | Tcheck | Ttotal | Status | Flags |
---|---|---|---|---|---|---|
r-devel-linux-x86_64-debian-clang | 1.0.2 | 19.14 | 483.91 | 503.05 | NOTE | |
r-devel-linux-x86_64-debian-gcc | 1.0.2 | 10.59 | 306.04 | 316.63 | NOTE | |
r-devel-linux-x86_64-fedora-clang | 1.0.2 | 807.91 | OK | |||
r-devel-linux-x86_64-fedora-gcc | 1.0.2 | 792.67 | OK | |||
r-devel-windows-x86_64 | 1.0.2 | 19.00 | 405.00 | 424.00 | NOTE | |
r-patched-linux-x86_64 | 1.0.2 | 23.63 | 452.45 | 476.08 | OK | |
r-release-linux-x86_64 | 1.0.2 | 16.73 | 455.32 | 472.05 | OK | |
r-release-macos-arm64 | 1.0.2 | 193.00 | OK | |||
r-release-macos-x86_64 | 1.0.2 | 320.00 | OK | |||
r-release-windows-x86_64 | 1.0.2 | 21.00 | 435.00 | 456.00 | OK | |
r-oldrel-macos-arm64 | 1.0.2 | 205.00 | OK | |||
r-oldrel-macos-x86_64 | 1.0.2 | 535.00 | NOTE | |||
r-oldrel-windows-x86_64 | 1.0.2 | 27.00 | 563.00 | 590.00 | OK |
Version: 1.0.2
Check: Rd cross-references
Result: NOTE
Found the following Rd file(s) with Rd \link{} targets missing package
anchors:
predict.SL.glmnet.interaction.Rd: SL.glmnet
Please provide package anchors for all Rd \link{} targets not in the
package itself and the base packages.
Flavors: r-devel-linux-x86_64-debian-clang, r-devel-linux-x86_64-debian-gcc, r-devel-windows-x86_64
Version: 1.0.2
Check: package dependencies
Result: NOTE
Package suggested but not available for checking: ‘ggplot2’
Flavor: r-oldrel-macos-x86_64