CRAN Package Check Results for Package tidylog

Last updated on 2021-05-06 08:49:39 CEST.

Flavor Version Tinstall Tcheck Ttotal Status Flags
r-devel-linux-x86_64-debian-clang 1.0.2 5.79 68.88 74.67 NOTE
r-devel-linux-x86_64-debian-gcc 1.0.2 3.95 50.39 54.34 NOTE
r-devel-linux-x86_64-fedora-clang 1.0.2 95.03 NOTE
r-devel-linux-x86_64-fedora-gcc 1.0.2 83.57 NOTE
r-devel-windows-ix86+x86_64 1.0.2 13.00 89.00 102.00 NOTE
r-devel-windows-x86_64-gcc10-UCRT 1.0.2 NOTE
r-patched-linux-x86_64 1.0.2 6.53 63.32 69.85 NOTE
r-patched-solaris-x86 1.0.2 121.60 OK
r-release-linux-x86_64 1.0.2 3.95 64.48 68.43 OK
r-release-macos-x86_64 1.0.2 OK
r-release-windows-ix86+x86_64 1.0.2 9.00 66.00 75.00 OK
r-oldrel-macos-x86_64 1.0.2 OK
r-oldrel-windows-ix86+x86_64 1.0.2 11.00 84.00 95.00 OK

Check Details

Version: 1.0.2
Check: LazyData
Result: NOTE
     'LazyData' is specified without a 'data' directory
Flavors: r-devel-linux-x86_64-debian-clang, r-devel-linux-x86_64-debian-gcc, r-devel-linux-x86_64-fedora-clang, r-devel-linux-x86_64-fedora-gcc, r-devel-windows-ix86+x86_64, r-devel-windows-x86_64-gcc10-UCRT, r-patched-linux-x86_64