Last updated on 2024-03-12 07:50:09 CET.
Flavor | Version | Tinstall | Tcheck | Ttotal | Status | Flags |
---|---|---|---|---|---|---|
r-devel-linux-x86_64-debian-clang | 1.0.7 | 11.26 | 240.10 | 251.36 | OK | |
r-devel-linux-x86_64-debian-gcc | 1.0.7 | 10.90 | 184.64 | 195.54 | OK | |
r-devel-linux-x86_64-fedora-clang | 1.0.7 | 310.18 | NOTE | |||
r-devel-linux-x86_64-fedora-gcc | 1.0.7 | 310.89 | NOTE | |||
r-devel-windows-x86_64 | 1.0.7 | 13.00 | 206.00 | 219.00 | OK | |
r-patched-linux-x86_64 | 1.0.7 | 18.73 | 239.92 | 258.65 | OK | |
r-release-linux-x86_64 | 1.0.7 | 11.02 | 235.89 | 246.91 | OK | |
r-release-macos-arm64 | 1.0.7 | 144.00 | NOTE | |||
r-release-macos-x86_64 | 1.0.7 | 206.00 | OK | |||
r-release-windows-x86_64 | 1.0.7 | 15.00 | 253.00 | 268.00 | OK | |
r-oldrel-macos-arm64 | 1.0.7 | 144.00 | NOTE | |||
r-oldrel-windows-x86_64 | 1.0.7 | 17.00 | 263.00 | 280.00 | OK |
Version: 1.0.7
Check: package dependencies
Result: NOTE
Imports includes 23 non-default packages.
Importing from so many packages makes the package vulnerable to any of
them becoming unavailable. Move as many as possible to Suggests and
use conditionally.
Flavor: r-devel-linux-x86_64-fedora-clang
Version: 1.0.7
Check: dependencies in R code
Result: NOTE
Namespace in Imports field not imported from: ‘tidyverse’
All declared Imports should be used.
Flavors: r-devel-linux-x86_64-fedora-clang, r-devel-linux-x86_64-fedora-gcc
Version: 1.0.7
Check: package dependencies
Result: NOTE
Package suggested but not available for checking: ‘Rblpapi’
Flavors: r-release-macos-arm64, r-oldrel-macos-arm64
Version: 1.0.7
Check: Rd cross-references
Result: NOTE
Package unavailable to check Rd xrefs: ‘Rblpapi’
Flavors: r-release-macos-arm64, r-oldrel-macos-arm64