Last updated on 2024-03-12 07:50:09 CET.
Flavor | Version | Tinstall | Tcheck | Ttotal | Status | Flags |
---|---|---|---|---|---|---|
r-devel-linux-x86_64-debian-clang | 1.2.0 | 5.43 | 82.14 | 87.57 | NOTE | |
r-devel-linux-x86_64-debian-gcc | 1.2.0 | 3.83 | 63.96 | 67.79 | NOTE | |
r-devel-linux-x86_64-fedora-clang | 1.2.1 | 115.12 | OK | |||
r-devel-linux-x86_64-fedora-gcc | 1.2.1 | 119.62 | OK | |||
r-devel-windows-x86_64 | 1.2.0 | 6.00 | 85.00 | 91.00 | NOTE | |
r-patched-linux-x86_64 | 1.2.0 | 5.22 | 81.56 | 86.78 | OK | |
r-release-linux-x86_64 | 1.2.0 | 3.74 | 82.36 | 86.10 | OK | |
r-release-macos-arm64 | 1.2.0 | 43.00 | OK | |||
r-release-macos-x86_64 | 1.2.1 | 96.00 | OK | |||
r-release-windows-x86_64 | 1.2.1 | 7.00 | 92.00 | 99.00 | OK | |
r-oldrel-macos-arm64 | 1.2.0 | 39.00 | OK | |||
r-oldrel-windows-x86_64 | 1.2.0 | 6.00 | 96.00 | 102.00 | OK |
Version: 1.2.0
Check: Rd \usage sections
Result: NOTE
Documented arguments not in \usage in Rd file 'vars_select.Rd':
‘args’
Functions with \usage entries need to have the appropriate \alias
entries, and all their arguments documented.
The \usage entries must correspond to syntactically valid R code.
See chapter ‘Writing R documentation files’ in the ‘Writing R
Extensions’ manual.
Flavors: r-devel-linux-x86_64-debian-clang, r-devel-linux-x86_64-debian-gcc, r-devel-windows-x86_64