Last updated on 2024-04-20 08:51:16 CEST.
Flavor | Version | Tinstall | Tcheck | Ttotal | Status | Flags |
---|---|---|---|---|---|---|
r-devel-linux-x86_64-debian-clang | 0.8.0 | 30.86 | 339.21 | 370.07 | NOTE | |
r-devel-linux-x86_64-debian-gcc | 0.8.0 | 24.78 | 243.34 | 268.12 | NOTE | |
r-devel-linux-x86_64-fedora-clang | 0.8.0 | 475.72 | NOTE | |||
r-devel-linux-x86_64-fedora-gcc | 0.8.0 | 470.86 | NOTE | |||
r-prerel-macos-arm64 | 0.8.0 | 122.00 | NOTE | |||
r-prerel-windows-x86_64 | 0.8.0 | 27.00 | 245.00 | 272.00 | OK | |
r-patched-linux-x86_64 | 0.8.0 | 35.77 | 315.20 | 350.97 | OK | |
r-release-linux-x86_64 | 0.8.0 | 20.80 | 309.40 | 330.20 | OK | |
r-release-macos-arm64 | 0.8.0 | 118.00 | NOTE | |||
r-release-macos-x86_64 | 0.8.0 | 283.00 | NOTE | |||
r-release-windows-x86_64 | 0.8.0 | 34.00 | 317.00 | 351.00 | OK | |
r-oldrel-macos-arm64 | 0.8.0 | 103.00 | WARN | |||
r-oldrel-windows-x86_64 | 0.8.0 | 38.00 | 303.00 | 341.00 | WARN |
Version: 0.8.0
Check: package dependencies
Result: NOTE
Package suggested but not available for checking: ‘SingleR’
Flavors: r-devel-linux-x86_64-debian-clang, r-devel-linux-x86_64-debian-gcc, r-devel-linux-x86_64-fedora-clang, r-devel-linux-x86_64-fedora-gcc, r-prerel-macos-arm64, r-release-macos-arm64, r-release-macos-x86_64, r-oldrel-macos-arm64
Version: 0.8.0
Check: Rd cross-references
Result: NOTE
Undeclared package ‘crosstalk’ in Rd xrefs
Flavor: r-devel-linux-x86_64-fedora-clang
Version: 0.8.0
Check: S3 generic/method consistency
Result: WARN
Warning: declared S3 method 'filter.Seurat' not found
See section ‘Generic functions and methods’ in the ‘Writing R
Extensions’ manual.
Flavors: r-oldrel-macos-arm64, r-oldrel-windows-x86_64