CRAN Package Check Results for Package tidyverse

Last updated on 2021-01-24 07:51:01 CET.

Flavor Version Tinstall Tcheck Ttotal Status Flags
r-devel-linux-x86_64-debian-clang 1.3.0 9.23 85.92 95.15 OK
r-devel-linux-x86_64-debian-gcc 1.3.0 8.23 64.28 72.51 OK
r-devel-linux-x86_64-fedora-clang 1.3.0 128.61 NOTE
r-devel-linux-x86_64-fedora-gcc 1.3.0 108.14 OK
r-devel-windows-ix86+x86_64 1.3.0 23.00 77.00 100.00 OK
r-patched-linux-x86_64 1.3.0 9.15 79.39 88.54 OK
r-patched-solaris-x86 1.3.0 165.40 OK
r-release-linux-x86_64 1.3.0 9.61 80.03 89.64 OK
r-release-macos-x86_64 1.3.0 OK
r-release-windows-ix86+x86_64 1.3.0 43.00 114.00 157.00 OK
r-oldrel-macos-x86_64 1.3.0 OK
r-oldrel-windows-ix86+x86_64 1.3.0 16.00 104.00 120.00 OK

Check Details

Version: 1.3.0
Check: package dependencies
Result: NOTE
    Imports includes 26 non-default packages.
    Importing from so many packages makes the package vulnerable to any of
    them becoming unavailable. Move as many as possible to Suggests and
    use conditionally.
Flavor: r-devel-linux-x86_64-fedora-clang