Last updated on 2024-03-12 07:50:09 CET.
Flavor | Version | Tinstall | Tcheck | Ttotal | Status | Flags |
---|---|---|---|---|---|---|
r-devel-linux-x86_64-debian-clang | 2.0.0 | 6.36 | 55.83 | 62.19 | OK | |
r-devel-linux-x86_64-debian-gcc | 2.0.0 | 4.95 | 45.27 | 50.22 | OK | |
r-devel-linux-x86_64-fedora-clang | 2.0.0 | 84.53 | NOTE | |||
r-devel-linux-x86_64-fedora-gcc | 2.0.0 | 88.67 | OK | |||
r-devel-windows-x86_64 | 2.0.0 | 7.00 | 68.00 | 75.00 | OK | |
r-patched-linux-x86_64 | 2.0.0 | 4.43 | 56.34 | 60.77 | OK | |
r-release-linux-x86_64 | 2.0.0 | 4.36 | 56.12 | 60.48 | OK | |
r-release-macos-arm64 | 2.0.0 | 37.00 | OK | |||
r-release-macos-x86_64 | 2.0.0 | 59.00 | OK | |||
r-release-windows-x86_64 | 2.0.0 | 9.00 | 72.00 | 81.00 | OK | |
r-oldrel-macos-arm64 | 2.0.0 | 29.00 | OK | |||
r-oldrel-windows-x86_64 | 2.0.0 | 10.00 | 94.00 | 104.00 | OK |
Version: 2.0.0
Check: package dependencies
Result: NOTE
Imports includes 30 non-default packages.
Importing from so many packages makes the package vulnerable to any of
them becoming unavailable. Move as many as possible to Suggests and
use conditionally.
Flavor: r-devel-linux-x86_64-fedora-clang