Last updated on 2024-04-19 08:54:58 CEST.
Flavor | Version | Tinstall | Tcheck | Ttotal | Status | Flags |
---|---|---|---|---|---|---|
r-devel-linux-x86_64-debian-clang | 1.0.10 | 196.51 | 66.05 | 262.56 | OK | |
r-devel-linux-x86_64-debian-gcc | 1.0.10 | OK | ||||
r-devel-linux-x86_64-fedora-clang | 1.0.10 | 412.08 | OK | |||
r-devel-linux-x86_64-fedora-gcc | 1.0.10 | 412.68 | OK | |||
r-prerel-macos-arm64 | 1.0.10 | 80.00 | NOTE | |||
r-prerel-windows-x86_64 | 1.0.10 | 166.00 | 96.00 | 262.00 | OK | |
r-patched-linux-x86_64 | 1.0.10 | 198.04 | 62.25 | 260.29 | OK | |
r-release-linux-x86_64 | 1.0.10 | 213.21 | 61.05 | 274.26 | OK | |
r-release-macos-arm64 | 1.0.10 | 114.00 | NOTE | |||
r-release-macos-x86_64 | 1.0.10 | 160.00 | NOTE | |||
r-release-windows-x86_64 | 1.0.10 | 171.00 | 109.00 | 280.00 | OK | |
r-oldrel-macos-arm64 | 1.0.10 | 95.00 | NOTE | |||
r-oldrel-windows-x86_64 | 1.0.10 | 200.00 | 108.00 | 308.00 | OK |
Version: 1.0.10
Check: installed package size
Result: NOTE
installed size is 9.6Mb
sub-directories of 1Mb or more:
libs 8.6Mb
Flavors: r-prerel-macos-arm64, r-release-macos-arm64, r-release-macos-x86_64, r-oldrel-macos-arm64