CRAN Package Check Results for Package tidyxl

Last updated on 2021-05-11 08:48:32 CEST.

Flavor Version Tinstall Tcheck Ttotal Status Flags
r-devel-linux-x86_64-debian-clang 1.0.7 191.01 65.24 256.25 OK
r-devel-linux-x86_64-debian-gcc 1.0.7 122.64 47.26 169.90 OK
r-devel-linux-x86_64-fedora-clang 1.0.7 363.80 NOTE
r-devel-linux-x86_64-fedora-gcc 1.0.7 315.29 OK
r-devel-windows-ix86+x86_64 1.0.7 346.00 118.00 464.00 OK
r-devel-windows-x86_64-gcc10-UCRT 1.0.7 OK
r-patched-linux-x86_64 1.0.7 144.54 61.17 205.71 OK
r-patched-solaris-x86 1.0.7 277.20 OK
r-release-linux-x86_64 1.0.7 144.70 61.33 206.03 OK
r-release-macos-x86_64 1.0.7 NOTE
r-release-windows-ix86+x86_64 1.0.7 310.00 93.00 403.00 OK
r-oldrel-macos-x86_64 1.0.7 NOTE
r-oldrel-windows-ix86+x86_64 1.0.7 391.00 115.00 506.00 OK

Check Details

Version: 1.0.7
Check: installed package size
Result: NOTE
     installed size is 9.5Mb
     sub-directories of 1Mb or more:
     libs 8.5Mb
Flavors: r-devel-linux-x86_64-fedora-clang, r-release-macos-x86_64, r-oldrel-macos-x86_64