Last updated on 2024-04-23 08:58:20 CEST.
Flavor | Version | Tinstall | Tcheck | Ttotal | Status | Flags |
---|---|---|---|---|---|---|
r-devel-linux-x86_64-debian-clang | 1.39 | 11.55 | 68.46 | 80.01 | NOTE | |
r-devel-linux-x86_64-debian-gcc | 1.39 | 9.22 | 49.74 | 58.96 | NOTE | |
r-devel-linux-x86_64-fedora-clang | 1.39 | 101.07 | NOTE | |||
r-devel-linux-x86_64-fedora-gcc | 1.39 | 97.90 | NOTE | |||
r-prerel-macos-arm64 | 1.39 | 29.00 | NOTE | |||
r-prerel-windows-x86_64 | 1.39 | 13.00 | 78.00 | 91.00 | NOTE | |
r-patched-linux-x86_64 | 1.39 | 12.34 | 62.28 | 74.62 | NOTE | |
r-release-linux-x86_64 | 1.39 | 9.62 | 53.56 | 63.18 | OK | |
r-release-macos-arm64 | 1.39 | 29.00 | OK | |||
r-release-macos-x86_64 | 1.39 | 47.00 | OK | |||
r-release-windows-x86_64 | 1.39 | 15.00 | 90.00 | 105.00 | OK | |
r-oldrel-macos-arm64 | 1.39 | 28.00 | OK | |||
r-oldrel-windows-x86_64 | 1.39 | 16.00 | 87.00 | 103.00 | OK |
Version: 1.39
Check: Rd files
Result: NOTE
checkRd: (-1) tierChart.Rd:332: Lost braces
332 | If the input argument code{boxes} is \code{F}, the \code{lBox},
| ^
Flavors: r-devel-linux-x86_64-debian-clang, r-devel-linux-x86_64-debian-gcc, r-devel-linux-x86_64-fedora-clang, r-devel-linux-x86_64-fedora-gcc, r-prerel-macos-arm64, r-prerel-windows-x86_64, r-patched-linux-x86_64