CRAN Package Check Results for Package tmap

Last updated on 2021-04-15 09:50:19 CEST.

Flavor Version Tinstall Tcheck Ttotal Status Flags
r-devel-linux-x86_64-debian-clang 3.3-1 30.00 262.71 292.71 OK
r-devel-linux-x86_64-debian-gcc 3.3-1 23.44 198.50 221.94 OK
r-devel-linux-x86_64-fedora-clang 3.3-1 372.71 OK
r-devel-linux-x86_64-fedora-gcc 3.3-1 355.11 OK
r-devel-windows-ix86+x86_64 3.3-1 60.00 272.00 332.00 OK
r-devel-windows-x86_64-gcc10-UCRT 3.3-1 NOTE
r-patched-linux-x86_64 3.3-1 26.57 243.45 270.02 OK
r-patched-solaris-x86 3.3-1 401.80 NOTE
r-release-linux-x86_64 3.3-1 27.73 242.93 270.66 OK
r-release-macos-x86_64 3.3-1 OK
r-release-windows-ix86+x86_64 3.3-1 61.00 312.00 373.00 OK
r-oldrel-macos-x86_64 3.3-1 OK
r-oldrel-windows-ix86+x86_64 3.3-1 36.00 237.00 273.00 OK

Check Details

Version: 3.3-1
Check: package dependencies
Result: NOTE
    Package suggested but not available for checking: 'gifski'
Flavor: r-devel-windows-x86_64-gcc10-UCRT

Version: 3.3-1
Check: package dependencies
Result: NOTE
    Packages suggested but not available for checking: 'av', 'gifski'
Flavor: r-patched-solaris-x86