CRAN Package Check Results for Package tmod

Last updated on 2025-01-26 08:48:40 CET.

Flavor Version Tinstall Tcheck Ttotal Status Flags
r-devel-linux-x86_64-debian-clang 0.50.13 10.09 130.90 140.99 NOTE
r-devel-linux-x86_64-debian-gcc 0.50.13 7.39 95.14 102.53 NOTE
r-devel-linux-x86_64-fedora-clang 0.50.13 228.90 NOTE
r-devel-linux-x86_64-fedora-gcc 0.50.13 225.16 NOTE
r-devel-windows-x86_64 0.50.13 12.00 144.00 156.00 NOTE
r-patched-linux-x86_64 0.50.13 9.94 124.94 134.88 NOTE
r-release-linux-x86_64 0.50.13 8.23 123.94 132.17 NOTE
r-release-macos-arm64 0.50.13 73.00 NOTE
r-release-macos-x86_64 0.50.13 108.00 NOTE
r-release-windows-x86_64 0.50.13 12.00 148.00 160.00 NOTE
r-oldrel-macos-arm64 0.50.13 74.00 OK
r-oldrel-macos-x86_64 0.50.13 112.00 OK
r-oldrel-windows-x86_64 0.50.13 14.00 173.00 187.00 OK

Check Details

Version: 0.50.13
Check: Rd files
Result: NOTE checkRd: (-1) pvalEffectPlot.Rd:90: Lost braces in \itemize; meant \describe ? checkRd: (-1) pvalEffectPlot.Rd:91: Lost braces in \itemize; meant \describe ? checkRd: (-1) pvalEffectPlot.Rd:92: Lost braces in \itemize; meant \describe ? checkRd: (-1) pvalEffectPlot.Rd:93: Lost braces in \itemize; meant \describe ? checkRd: (-1) pvalEffectPlot.Rd:94: Lost braces in \itemize; meant \describe ? Flavors: r-devel-linux-x86_64-debian-clang, r-devel-linux-x86_64-debian-gcc, r-devel-linux-x86_64-fedora-clang, r-devel-linux-x86_64-fedora-gcc, r-devel-windows-x86_64, r-patched-linux-x86_64, r-release-linux-x86_64, r-release-macos-arm64, r-release-macos-x86_64, r-release-windows-x86_64