CRAN Package Check Results for Package tokenizers

Last updated on 2024-05-21 08:56:33 CEST.

Flavor Version Tinstall Tcheck Ttotal Status Flags
r-devel-linux-x86_64-debian-clang 0.3.0 29.85 47.78 77.63 OK
r-devel-linux-x86_64-debian-gcc 0.3.0 22.97 37.23 60.20 OK
r-devel-linux-x86_64-fedora-clang 0.3.0 113.21 NOTE
r-devel-linux-x86_64-fedora-gcc 0.3.0 124.57 NOTE
r-devel-windows-x86_64 0.3.0 28.00 79.00 107.00 OK
r-patched-linux-x86_64 0.3.0 32.47 46.84 79.31 OK
r-release-linux-x86_64 0.3.0 30.69 45.82 76.51 OK
r-release-macos-arm64 0.3.0 37.00 OK
r-release-windows-x86_64 0.3.0 28.00 78.00 106.00 OK
r-oldrel-macos-arm64 0.3.0 41.00 OK
r-oldrel-macos-x86_64 0.3.0 61.00 OK
r-oldrel-windows-x86_64 0.3.0 30.00 87.00 117.00 OK

Check Details

Version: 0.3.0
Check: data for non-ASCII characters
Result: NOTE Note: found 1 marked UTF-8 string Flavors: r-devel-linux-x86_64-fedora-clang, r-devel-linux-x86_64-fedora-gcc