CRAN Package Check Results for Package tomba

Last updated on 2024-06-20 08:55:01 CEST.

Flavor Version Tinstall Tcheck Ttotal Status Flags
r-devel-linux-x86_64-debian-clang 1.0.1 2.93 27.35 30.28 OK
r-devel-linux-x86_64-debian-gcc 1.0.1 1.79 21.77 23.56 OK
r-devel-linux-x86_64-fedora-clang 1.0.1 38.38 NOTE
r-devel-linux-x86_64-fedora-gcc 1.0.1 36.71 NOTE
r-devel-windows-x86_64 1.0.1 3.00 46.00 49.00 OK
r-patched-linux-x86_64 1.0.1 2.33 27.37 29.70 OK
r-release-linux-x86_64 1.0.1 1.70 26.19 27.89 OK
r-release-macos-arm64 1.0.1 18.00 OK
r-release-macos-x86_64 1.0.1 33.00 OK
r-release-windows-x86_64 1.0.1 3.00 47.00 50.00 OK
r-oldrel-macos-arm64 1.0.1 19.00 OK
r-oldrel-macos-x86_64 1.0.1 23.00 OK
r-oldrel-windows-x86_64 1.0.1 4.00 49.00 53.00 OK

Check Details

Version: 1.0.1
Check: dependencies in R code
Result: NOTE Namespace in Imports field not imported from: ‘testthat’ All declared Imports should be used. Flavors: r-devel-linux-x86_64-fedora-clang, r-devel-linux-x86_64-fedora-gcc