Last updated on 2024-03-12 07:50:10 CET.
Flavor | Version | Tinstall | Tcheck | Ttotal | Status | Flags |
---|---|---|---|---|---|---|
r-devel-linux-x86_64-debian-clang | 0.3.5 | 10.04 | 145.95 | 155.99 | OK | |
r-devel-linux-x86_64-debian-gcc | 0.3.5 | 7.58 | 112.68 | 120.26 | OK | |
r-devel-linux-x86_64-fedora-clang | 0.3.5 | 199.16 | NOTE | |||
r-devel-linux-x86_64-fedora-gcc | 0.3.5 | 215.62 | NOTE | |||
r-devel-windows-x86_64 | 0.3.5 | 11.00 | 131.00 | 142.00 | OK | |
r-patched-linux-x86_64 | 0.3.5 | 7.37 | 143.85 | 151.22 | OK | |
r-release-linux-x86_64 | 0.3.5 | 6.53 | 141.55 | 148.08 | OK | |
r-release-macos-arm64 | 0.3.5 | 68.00 | OK | |||
r-release-macos-x86_64 | 0.3.5 | 107.00 | OK | |||
r-release-windows-x86_64 | 0.3.5 | 15.00 | 152.00 | 167.00 | OK | |
r-oldrel-macos-arm64 | 0.3.5 | 69.00 | NOTE | |||
r-oldrel-windows-x86_64 | 0.3.5 | 13.00 | 156.00 | 169.00 | OK |
Version: 0.3.5
Check: data for non-ASCII characters
Result: NOTE
Note: found 160 marked UTF-8 strings
Flavors: r-devel-linux-x86_64-fedora-clang, r-devel-linux-x86_64-fedora-gcc, r-oldrel-macos-arm64